Last updated on 2024-03-28 23:01:57 CET.
Flavor | Version | Tinstall | Tcheck | Ttotal | Status | Flags |
---|---|---|---|---|---|---|
r-devel-linux-x86_64-debian-clang | 1.0.2 | 4.91 | 48.77 | 53.68 | NOTE | |
r-devel-linux-x86_64-debian-gcc | 1.0.2 | 4.35 | 35.40 | 39.75 | NOTE | |
r-devel-linux-x86_64-fedora-clang | 1.0.2 | 63.01 | NOTE | |||
r-devel-linux-x86_64-fedora-gcc | 1.0.2 | 64.13 | NOTE | |||
r-devel-windows-x86_64 | 1.0.2 | 6.00 | 63.00 | 69.00 | NOTE | |
r-patched-linux-x86_64 | 1.0.2 | 5.11 | 47.54 | 52.65 | NOTE | |
r-release-linux-x86_64 | 1.0.2 | 5.00 | 46.87 | 51.87 | NOTE | |
r-release-macos-arm64 | 1.0.2 | 25.00 | NOTE | |||
r-release-macos-x86_64 | 1.0.2 | 35.00 | NOTE | |||
r-release-windows-x86_64 | 1.0.2 | 5.00 | 74.00 | 79.00 | NOTE | |
r-oldrel-macos-arm64 | 1.0.2 | 33.00 | NOTE | |||
r-oldrel-windows-x86_64 | 1.0.2 | 7.00 | 67.00 | 74.00 | NOTE |
Version: 1.0.2
Check: Rd files
Result: NOTE
checkRd: (-1) scdensity.Rd:119-120: Lost braces in \itemize; meant \describe ?
checkRd: (-1) scdensity.Rd:121-123: Lost braces in \itemize; meant \describe ?
checkRd: (-1) scdensity.Rd:124-126: Lost braces in \itemize; meant \describe ?
checkRd: (-1) scdensity.Rd:127-130: Lost braces in \itemize; meant \describe ?
checkRd: (-1) scdensity.Rd:131-135: Lost braces in \itemize; meant \describe ?
checkRd: (-1) scdensity.Rd:136-138: Lost braces in \itemize; meant \describe ?
checkRd: (-1) scdensity.Rd:139-142: Lost braces in \itemize; meant \describe ?
checkRd: (-1) scdensity.Rd:143-144: Lost braces in \itemize; meant \describe ?
checkRd: (-1) scdensity.Rd:145-147: Lost braces in \itemize; meant \describe ?
Flavors: r-devel-linux-x86_64-debian-clang, r-devel-linux-x86_64-debian-gcc, r-devel-linux-x86_64-fedora-clang, r-devel-linux-x86_64-fedora-gcc, r-devel-windows-x86_64, r-patched-linux-x86_64
Version: 1.0.2
Check: LazyData
Result: NOTE
'LazyData' is specified without a 'data' directory
Flavors: r-devel-linux-x86_64-debian-clang, r-devel-linux-x86_64-debian-gcc, r-devel-linux-x86_64-fedora-clang, r-devel-linux-x86_64-fedora-gcc, r-devel-windows-x86_64, r-patched-linux-x86_64, r-release-linux-x86_64, r-release-macos-arm64, r-release-macos-x86_64, r-release-windows-x86_64, r-oldrel-macos-arm64, r-oldrel-windows-x86_64