CRAN Package Check Results for Package schemr

Last updated on 2021-12-02 22:56:07 CET.

Flavor Version Tinstall Tcheck Ttotal Status Flags
r-devel-linux-x86_64-debian-clang 0.1.0 12.86 95.45 108.31 NOTE
r-devel-linux-x86_64-debian-gcc 0.1.0 9.89 71.00 80.89 NOTE
r-devel-linux-x86_64-fedora-clang 0.1.0 139.50 NOTE
r-devel-linux-x86_64-fedora-gcc 0.1.0 125.22 NOTE
r-devel-windows-x86_64-new-UL 0.1.0 24.00 132.00 156.00 NOTE
r-devel-windows-x86_64-new-TK 0.1.0 NOTE
r-devel-windows-x86_64-old 0.1.0 20.00 90.00 110.00 NOTE
r-patched-linux-x86_64 0.1.0 10.28 88.81 99.09 NOTE
r-patched-solaris-x86 0.1.0 184.20 NOTE
r-release-linux-x86_64 0.1.0 10.60 88.19 98.79 NOTE
r-release-macos-arm64 0.1.0 NOTE
r-release-macos-x86_64 0.1.0 NOTE
r-release-windows-ix86+x86_64 0.1.0 28.00 116.00 144.00 NOTE
r-oldrel-macos-x86_64 0.1.0 NOTE
r-oldrel-windows-ix86+x86_64 0.1.0 29.00 116.00 145.00 OK

Check Details

Version: 0.1.0
Check: LazyData
Result: NOTE
     'LazyData' is specified without a 'data' directory
Flavors: r-devel-linux-x86_64-debian-clang, r-devel-linux-x86_64-debian-gcc, r-devel-linux-x86_64-fedora-clang, r-devel-linux-x86_64-fedora-gcc, r-devel-windows-x86_64-new-UL, r-devel-windows-x86_64-new-TK, r-devel-windows-x86_64-old, r-patched-linux-x86_64, r-patched-solaris-x86, r-release-linux-x86_64, r-release-macos-arm64, r-release-macos-x86_64, r-release-windows-ix86+x86_64

Version: 0.1.0
Check: dependencies in R code
Result: NOTE
    Namespace in Imports field not imported from: ‘ggplot2’
     All declared Imports should be used.
Flavors: r-devel-linux-x86_64-fedora-clang, r-devel-linux-x86_64-fedora-gcc, r-devel-windows-x86_64-new-TK, r-patched-solaris-x86, r-release-macos-arm64, r-release-macos-x86_64, r-oldrel-macos-x86_64