CRAN Package Check Results for Package schrute

Last updated on 2021-12-03 22:57:54 CET.

Flavor Version Tinstall Tcheck Ttotal Status Flags
r-devel-linux-x86_64-debian-clang 0.2.2 4.54 33.18 37.72 OK
r-devel-linux-x86_64-debian-gcc 0.2.2 4.27 25.92 30.19 OK
r-devel-linux-x86_64-fedora-clang 0.2.2 57.37 NOTE
r-devel-linux-x86_64-fedora-gcc 0.2.2 45.84 NOTE
r-devel-windows-x86_64-new-UL 0.2.2 12.00 72.00 84.00 OK
r-devel-windows-x86_64-new-TK 0.2.2 NOTE
r-devel-windows-x86_64-old 0.2.2 10.00 42.00 52.00 OK
r-patched-linux-x86_64 0.2.2 4.04 30.48 34.52 OK
r-release-linux-x86_64 0.2.2 4.81 31.10 35.91 OK
r-release-macos-arm64 0.2.2 NOTE
r-release-macos-x86_64 0.2.2 NOTE
r-release-windows-ix86+x86_64 0.2.2 9.00 52.00 61.00 OK
r-oldrel-macos-x86_64 0.2.2 NOTE
r-oldrel-windows-ix86+x86_64 0.2.2 9.00 53.00 62.00 OK

Check Details

Version: 0.2.2
Check: dependencies in R code
Result: NOTE
    Namespaces in Imports field not imported from:
     ‘dplyr’ ‘ggplot2’ ‘stringi’ ‘stringr’ ‘tibble’ ‘tidyr’ ‘tidytext’
     All declared Imports should be used.
Flavors: r-devel-linux-x86_64-fedora-clang, r-devel-linux-x86_64-fedora-gcc, r-devel-windows-x86_64-new-TK, r-release-macos-arm64, r-release-macos-x86_64, r-oldrel-macos-x86_64

Version: 0.2.2
Check: data for non-ASCII characters
Result: NOTE
     Note: found 464 marked UTF-8 strings
Flavors: r-devel-linux-x86_64-fedora-clang, r-devel-linux-x86_64-fedora-gcc, r-devel-windows-x86_64-new-TK, r-release-macos-arm64, r-release-macos-x86_64, r-oldrel-macos-x86_64