Last updated on 2023-09-21 23:03:31 CEST.
Flavor | Version | Tinstall | Tcheck | Ttotal | Status | Flags |
---|---|---|---|---|---|---|
r-devel-linux-x86_64-debian-clang | 1.0.1 | 4.93 | 34.75 | 39.68 | OK | |
r-devel-linux-x86_64-debian-gcc | 1.0.1 | 3.64 | 26.70 | 30.34 | OK | |
r-devel-linux-x86_64-fedora-clang | 1.0.1 | 49.16 | NOTE | |||
r-devel-linux-x86_64-fedora-gcc | 1.0.1 | 59.20 | NOTE | |||
r-devel-windows-x86_64 | 1.0.1 | 6.00 | 52.00 | 58.00 | OK | |
r-patched-linux-x86_64 | 1.0.1 | 4.42 | 33.27 | 37.69 | OK | |
r-release-linux-x86_64 | 1.0.1 | 4.01 | 33.19 | 37.20 | OK | |
r-release-macos-arm64 | 1.0.1 | 31.00 | OK | |||
r-release-macos-x86_64 | 1.0.1 | 41.00 | OK | |||
r-release-windows-x86_64 | 1.0.1 | 7.00 | 55.00 | 62.00 | OK | |
r-oldrel-macos-arm64 | 1.0.1 | 28.00 | OK | |||
r-oldrel-macos-x86_64 | 1.0.1 | 30.00 | NOTE | |||
r-oldrel-windows-x86_64 | 1.0.1 | 8.00 | 56.00 | 64.00 | OK |
Version: 1.0.1
Check: data for non-ASCII characters
Result: NOTE
Note: found 464 marked UTF-8 strings
Flavors: r-devel-linux-x86_64-fedora-clang, r-devel-linux-x86_64-fedora-gcc, r-oldrel-macos-x86_64