CRAN Package Check Results for Package scorecardModelUtils

Last updated on 2021-05-06 22:55:34 CEST.

Flavor Version Tinstall Tcheck Ttotal Status Flags
r-devel-linux-x86_64-debian-clang 0.0.1.0 12.53 113.69 126.22 NOTE
r-devel-linux-x86_64-debian-gcc 0.0.1.0 10.31 85.11 95.42 NOTE
r-devel-linux-x86_64-fedora-clang 0.0.1.0 159.62 NOTE
r-devel-linux-x86_64-fedora-gcc 0.0.1.0 161.18 NOTE
r-devel-windows-ix86+x86_64 0.0.1.0 34.00 139.00 173.00 NOTE
r-devel-windows-x86_64-gcc10-UCRT 0.0.1.0 NOTE
r-patched-linux-x86_64 0.0.1.0 11.95 107.41 119.36 NOTE
r-patched-solaris-x86 0.0.1.0 227.80 OK
r-release-linux-x86_64 0.0.1.0 13.99 103.17 117.16 OK
r-release-macos-x86_64 0.0.1.0 OK
r-release-windows-ix86+x86_64 0.0.1.0 28.00 105.00 133.00 OK
r-oldrel-macos-x86_64 0.0.1.0 OK
r-oldrel-windows-ix86+x86_64 0.0.1.0 29.00 129.00 158.00 OK

Check Details

Version: 0.0.1.0
Check: LazyData
Result: NOTE
     'LazyData' is specified without a 'data' directory
Flavors: r-devel-linux-x86_64-debian-clang, r-devel-linux-x86_64-debian-gcc, r-devel-linux-x86_64-fedora-clang, r-devel-linux-x86_64-fedora-gcc, r-devel-windows-ix86+x86_64, r-devel-windows-x86_64-gcc10-UCRT, r-patched-linux-x86_64