Last updated on 2023-09-20 21:53:02 CEST.
Flavor | Version | Tinstall | Tcheck | Ttotal | Status | Flags |
---|---|---|---|---|---|---|
r-devel-linux-x86_64-debian-clang | 0.1.2 | 5.46 | 411.37 | 416.83 | NOTE | |
r-devel-linux-x86_64-debian-gcc | 0.1.2 | 4.32 | 298.50 | 302.82 | NOTE | |
r-devel-linux-x86_64-fedora-clang | 0.1.2 | 555.73 | NOTE | |||
r-devel-linux-x86_64-fedora-gcc | 0.1.2 | 555.75 | NOTE | |||
r-devel-windows-x86_64 | 0.1.2 | 6.00 | 274.00 | 280.00 | NOTE | |
r-patched-linux-x86_64 | 0.1.2 | 4.46 | 421.62 | 426.08 | NOTE | |
r-release-linux-x86_64 | 0.1.2 | 5.58 | 407.52 | 413.10 | NOTE | |
r-release-macos-arm64 | 0.1.2 | 207.00 | NOTE | |||
r-release-macos-x86_64 | 0.1.2 | 558.00 | NOTE | |||
r-release-windows-x86_64 | 0.1.2 | 8.00 | 342.00 | 350.00 | NOTE | |
r-oldrel-macos-arm64 | 0.1.2 | 169.00 | OK | |||
r-oldrel-macos-x86_64 | 0.1.2 | 813.00 | OK | |||
r-oldrel-windows-x86_64 | 0.1.2 | 10.00 | 313.00 | 323.00 | OK |
Version: 0.1.2
Check: Rd \usage sections
Result: NOTE
S3 methods shown with full name in documentation object 'plot':
‘plot.discretization’
S3 methods shown with full name in documentation object 'predict':
‘predict.discretization’ ‘predict.reject_infered’
S3 methods shown with full name in documentation object 'summary':
‘summary.discretization’
The \usage entries for S3 methods should use the \method markup and not
their full name.
See chapter ‘Writing R documentation files’ in the ‘Writing R
Extensions’ manual.
Flavors: r-devel-linux-x86_64-debian-clang, r-devel-linux-x86_64-debian-gcc, r-devel-linux-x86_64-fedora-clang, r-devel-linux-x86_64-fedora-gcc, r-devel-windows-x86_64, r-patched-linux-x86_64, r-release-linux-x86_64, r-release-macos-arm64, r-release-macos-x86_64, r-release-windows-x86_64