Last updated on 2024-03-27 22:57:59 CET.
Flavor | Version | Tinstall | Tcheck | Ttotal | Status | Flags |
---|---|---|---|---|---|---|
r-devel-linux-x86_64-debian-clang | 3.2.4 | 9.87 | 25.65 | 35.52 | NOTE | |
r-devel-linux-x86_64-debian-gcc | 3.2.4 | 11.48 | 20.26 | 31.74 | NOTE | |
r-devel-linux-x86_64-fedora-clang | 3.2.4 | 46.51 | NOTE | |||
r-devel-linux-x86_64-fedora-gcc | 3.2.4 | 52.24 | NOTE | |||
r-devel-windows-x86_64 | 3.2.4 | 30.00 | 46.00 | 76.00 | NOTE | |
r-patched-linux-x86_64 | 3.2.4 | 13.13 | 25.59 | 38.72 | NOTE | |
r-release-linux-x86_64 | 3.2.4 | 13.65 | 25.32 | 38.97 | NOTE | |
r-release-macos-arm64 | 3.2.4 | 22.00 | NOTE | |||
r-release-macos-x86_64 | 3.2.4 | 30.00 | NOTE | |||
r-release-windows-x86_64 | 3.2.4 | 30.00 | 45.00 | 75.00 | NOTE | |
r-oldrel-macos-arm64 | 3.2.4 | 21.00 | NOTE | |||
r-oldrel-windows-x86_64 | 3.2.4 | 34.00 | 50.00 | 84.00 | NOTE |
Version: 3.2.4
Check: for GNU extensions in Makefiles
Result: NOTE
GNU make is a SystemRequirements.
Flavors: r-devel-linux-x86_64-debian-clang, r-devel-linux-x86_64-debian-gcc, r-devel-linux-x86_64-fedora-clang, r-devel-linux-x86_64-fedora-gcc, r-devel-windows-x86_64, r-patched-linux-x86_64, r-release-linux-x86_64, r-release-macos-arm64, r-release-macos-x86_64, r-release-windows-x86_64, r-oldrel-macos-arm64, r-oldrel-windows-x86_64