Last updated on 2023-10-02 22:08:11 CEST.
Flavor | Version | Tinstall | Tcheck | Ttotal | Status | Flags |
---|---|---|---|---|---|---|
r-devel-linux-x86_64-debian-clang | 0.4.0 | 54.14 | 122.27 | 176.41 | NOTE | |
r-devel-linux-x86_64-debian-gcc | 0.4.0 | 38.43 | 92.08 | 130.51 | NOTE | |
r-devel-linux-x86_64-fedora-clang | 0.4.0 | 228.18 | NOTE | |||
r-devel-linux-x86_64-fedora-gcc | 0.4.0 | 227.03 | NOTE | |||
r-devel-windows-x86_64 | 0.4.0 | 42.00 | 131.00 | 173.00 | OK | |
r-patched-linux-x86_64 | 0.4.0 | 50.39 | 118.28 | 168.67 | NOTE | |
r-release-linux-x86_64 | 0.4.0 | 56.38 | 115.98 | 172.36 | NOTE | |
r-release-macos-arm64 | 0.4.0 | 63.00 | NOTE | |||
r-release-macos-x86_64 | 0.4.0 | 166.00 | NOTE | |||
r-release-windows-x86_64 | 0.4.0 | 54.00 | 160.00 | 214.00 | OK | |
r-oldrel-macos-arm64 | 0.4.0 | 66.00 | NOTE | |||
r-oldrel-macos-x86_64 | 0.4.0 | 85.00 | NOTE | |||
r-oldrel-windows-x86_64 | 0.4.0 | 56.00 | 158.00 | 214.00 | OK |
Version: 0.4.0
Check: package dependencies
Result: NOTE
Package which this enhances but not available for checking: ‘glmGamPoi’
Flavors: r-devel-linux-x86_64-debian-clang, r-devel-linux-x86_64-debian-gcc, r-devel-linux-x86_64-fedora-clang, r-devel-linux-x86_64-fedora-gcc, r-patched-linux-x86_64, r-release-linux-x86_64, r-release-macos-arm64, r-release-macos-x86_64, r-oldrel-macos-arm64, r-oldrel-macos-x86_64