CRAN Package Check Results for Package sctransform

Last updated on 2021-07-23 22:53:21 CEST.

Flavor Version Tinstall Tcheck Ttotal Status Flags
r-devel-linux-x86_64-debian-clang 0.3.2 48.83 105.44 154.27 NOTE
r-devel-linux-x86_64-debian-gcc 0.3.2 34.56 78.06 112.62 NOTE
r-devel-linux-x86_64-fedora-clang 0.3.2 199.49 NOTE
r-devel-linux-x86_64-fedora-gcc 0.3.2 193.63 NOTE
r-devel-windows-x86_64 0.3.2 41.00 101.00 142.00 OK
r-devel-windows-x86_64-gcc10-UCRT 0.3.2 NOTE
r-patched-linux-x86_64 0.3.2 41.45 98.02 139.47 NOTE
r-patched-solaris-x86 0.3.2 228.10 NOTE
r-release-linux-x86_64 0.3.2 38.23 99.03 137.26 NOTE
r-release-macos-arm64 0.3.2 NOTE
r-release-macos-x86_64 0.3.2 NOTE
r-release-windows-ix86+x86_64 0.3.2 108.00 143.00 251.00 OK
r-oldrel-macos-x86_64 0.3.2 NOTE
r-oldrel-windows-ix86+x86_64 0.3.2 109.00 170.00 279.00 OK

Check Details

Version: 0.3.2
Check: package dependencies
Result: NOTE
    Package which this enhances but not available for checking: 'glmGamPoi'
Flavors: r-devel-linux-x86_64-debian-clang, r-devel-linux-x86_64-debian-gcc, r-devel-linux-x86_64-fedora-clang, r-devel-linux-x86_64-fedora-gcc, r-devel-windows-x86_64-gcc10-UCRT, r-patched-linux-x86_64, r-patched-solaris-x86, r-release-linux-x86_64, r-release-macos-arm64, r-release-macos-x86_64, r-oldrel-macos-x86_64