CRAN Package Check Results for Package sctransform

Last updated on 2021-10-17 22:48:48 CEST.

Flavor Version Tinstall Tcheck Ttotal Status Flags
r-devel-linux-x86_64-debian-clang 0.3.2 42.03 105.86 147.89 NOTE
r-devel-linux-x86_64-debian-gcc 0.3.2 34.88 78.65 113.53 NOTE
r-devel-linux-x86_64-fedora-clang 0.3.2 201.23 NOTE
r-devel-linux-x86_64-fedora-gcc 0.3.2 183.41 NOTE
r-devel-windows-x86_64 0.3.2 63.00 121.00 184.00 OK
r-devel-windows-x86_64-gcc10-UCRT 0.3.2 NOTE
r-patched-linux-x86_64 0.3.2 39.91 98.99 138.90 NOTE
r-patched-solaris-x86 0.3.2 226.90 NOTE
r-release-linux-x86_64 0.3.2 38.98 100.28 139.26 NOTE
r-release-macos-arm64 0.3.2 NOTE
r-release-macos-x86_64 0.3.2 NOTE
r-release-windows-ix86+x86_64 0.3.2 84.00 183.00 267.00 OK
r-oldrel-macos-x86_64 0.3.2 NOTE
r-oldrel-windows-ix86+x86_64 0.3.2 115.00 185.00 300.00 OK

Check Details

Version: 0.3.2
Check: package dependencies
Result: NOTE
    Package which this enhances but not available for checking: 'glmGamPoi'
Flavors: r-devel-linux-x86_64-debian-clang, r-devel-linux-x86_64-debian-gcc, r-devel-linux-x86_64-fedora-clang, r-devel-linux-x86_64-fedora-gcc, r-devel-windows-x86_64-gcc10-UCRT, r-patched-linux-x86_64, r-patched-solaris-x86, r-release-linux-x86_64, r-release-macos-arm64, r-release-macos-x86_64, r-oldrel-macos-x86_64