CRAN Package Check Results for Package sda

Last updated on 2021-09-18 23:50:06 CEST.

Flavor Version Tinstall Tcheck Ttotal Status Flags
r-devel-linux-x86_64-debian-clang 1.3.7 3.21 32.51 35.72 OK
r-devel-linux-x86_64-debian-gcc 1.3.7 2.38 25.15 27.53 OK
r-devel-linux-x86_64-fedora-clang 1.3.7 53.01 NOTE
r-devel-linux-x86_64-fedora-gcc 1.3.7 41.75 OK
r-devel-windows-x86_64 1.3.7 4.00 50.00 54.00 OK
r-devel-windows-x86_64-gcc10-UCRT 1.3.7 OK
r-patched-linux-x86_64 1.3.7 3.28 31.02 34.30 OK
r-patched-solaris-x86 1.3.7 67.30 OK
r-release-linux-x86_64 1.3.7 3.28 30.97 34.25 OK
r-release-macos-arm64 1.3.7 OK
r-release-macos-x86_64 1.3.7 OK
r-release-windows-ix86+x86_64 1.3.7 6.00 39.00 45.00 OK
r-oldrel-macos-x86_64 1.3.7 OK
r-oldrel-windows-ix86+x86_64 1.3.7 6.00 39.00 45.00 OK

Check Details

Version: 1.3.7
Check: Rd cross-references
Result: NOTE
    Undeclared package ‘care’ in Rd xrefs
Flavor: r-devel-linux-x86_64-fedora-clang