CRAN Package Check Results for Package sdcHierarchies

Last updated on 2021-06-22 22:56:50 CEST.

Flavor Version Tinstall Tcheck Ttotal Status Flags
r-devel-linux-x86_64-debian-clang 0.18.3 5.60 58.36 63.96 NOTE
r-devel-linux-x86_64-debian-gcc 0.18.3 4.48 43.42 47.90 NOTE
r-devel-linux-x86_64-fedora-clang 0.18.3 83.38 NOTE
r-devel-linux-x86_64-fedora-gcc 0.18.3 72.73 NOTE
r-devel-windows-x86_64 0.18.3 10.00 79.00 89.00 NOTE
r-devel-windows-x86_64-gcc10-UCRT 0.18.3 NOTE
r-patched-linux-x86_64 0.18.3 5.40 54.42 59.82 NOTE
r-patched-solaris-x86 0.18.3 106.70 NOTE
r-release-linux-x86_64 0.18.3 3.63 54.80 58.43 NOTE
r-release-macos-arm64 0.18.3 NOTE
r-release-macos-x86_64 0.18.3 NOTE
r-release-windows-ix86+x86_64 0.18.3 10.00 59.00 69.00 NOTE
r-oldrel-macos-x86_64 0.18.3 OK

Check Details

Version: 0.18.3
Check: LazyData
Result: NOTE
     'LazyData' is specified without a 'data' directory
Flavors: r-devel-linux-x86_64-debian-clang, r-devel-linux-x86_64-debian-gcc, r-devel-linux-x86_64-fedora-clang, r-devel-linux-x86_64-fedora-gcc, r-devel-windows-x86_64, r-devel-windows-x86_64-gcc10-UCRT, r-patched-linux-x86_64, r-patched-solaris-x86, r-release-linux-x86_64, r-release-macos-arm64, r-release-macos-x86_64, r-release-windows-ix86+x86_64