CRAN Package Check Results for Package sdcMicro

Last updated on 2021-05-12 22:53:45 CEST.

Flavor Version Tinstall Tcheck Ttotal Status Flags
r-devel-linux-x86_64-debian-clang 5.6.0 78.04 231.99 310.03 OK
r-devel-linux-x86_64-debian-gcc 5.6.0 47.75 160.84 208.59 OK
r-devel-linux-x86_64-fedora-clang 5.6.0 368.78 OK
r-devel-linux-x86_64-fedora-gcc 5.6.0 327.01 OK
r-devel-windows-ix86+x86_64 5.6.0 167.00 251.00 418.00 NOTE
r-devel-windows-x86_64-gcc10-UCRT 5.6.0 OK
r-patched-linux-x86_64 5.6.0 62.70 197.39 260.09 OK
r-patched-solaris-x86 5.6.0 370.60 OK
r-release-linux-x86_64 5.6.0 55.42 192.86 248.28 OK
r-release-macos-x86_64 5.6.0 OK
r-release-windows-ix86+x86_64 5.6.0 120.00 388.00 508.00 NOTE
r-oldrel-macos-x86_64 5.6.0 OK
r-oldrel-windows-ix86+x86_64 5.6.0 151.00 321.00 472.00 OK

Check Details

Version: 5.6.0
Check: installed package size
Result: NOTE
     installed size is 5.1Mb
     sub-directories of 1Mb or more:
     libs 2.3Mb
Flavors: r-devel-windows-ix86+x86_64, r-release-windows-ix86+x86_64