CRAN Package Check Results for Package sdcSpatial

Last updated on 2019-09-20 22:50:13 CEST.

Flavor Version Tinstall Tcheck Ttotal Status Flags
r-devel-linux-x86_64-debian-clang 0.1.1 3.04 56.32 59.36 OK
r-devel-linux-x86_64-debian-gcc 0.1.1 2.41 44.71 47.12 OK
r-devel-linux-x86_64-fedora-clang 0.1.1 75.19 OK
r-devel-linux-x86_64-fedora-gcc 0.1.1 75.45 OK
r-devel-windows-ix86+x86_64 0.1.1 8.00 96.00 104.00 OK
r-patched-linux-x86_64 0.1.1 2.49 55.91 58.40 OK
r-patched-solaris-x86 0.1.1 99.80 OK
r-release-linux-x86_64 0.1.1 2.46 55.92 58.38 OK
r-release-windows-ix86+x86_64 0.1.1 6.00 87.00 93.00 OK
r-release-osx-x86_64 0.1.1 OK
r-oldrel-windows-ix86+x86_64 0.1.1 3.00 62.00 65.00 OK
r-oldrel-osx-x86_64 0.1.1 ERROR

Check Details

Version: 0.1.1
Check: examples
Result: ERROR
    Running examples in ‘sdcSpatial-Ex.R’ failed
    The error most likely occurred in:
    
    > ### Name: is_sensitive
    > ### Title: Return raster with sensitive locations.
    > ### Aliases: is_sensitive
    >
    > ### ** Examples
    >
    > dwellings_sp <- dwellings
    > sp::coordinates(dwellings_sp) <- ~ x + y
    > tryCatch(
    + # does not work on some OS versions
    + sp::proj4string(dwellings_sp) <- "+init=epsg:28992"
    + )
    Error in CRS(value) : projection not named
    Calls: tryCatch ... <Anonymous> -> <Anonymous> -> ReplProj4string -> CRS
    Execution halted
Flavor: r-oldrel-osx-x86_64