Last updated on 2023-10-01 23:03:58 CEST.
Flavor | Version | Tinstall | Tcheck | Ttotal | Status | Flags |
---|---|---|---|---|---|---|
r-devel-linux-x86_64-debian-clang | 0.32.6 | 93.67 | 189.27 | 282.94 | OK | |
r-devel-linux-x86_64-debian-gcc | 0.32.6 | 67.73 | 136.05 | 203.78 | OK | |
r-devel-linux-x86_64-fedora-clang | 0.32.6 | 368.89 | OK | |||
r-devel-linux-x86_64-fedora-gcc | 0.32.6 | 393.53 | OK | |||
r-devel-windows-x86_64 | 0.32.6 | 79.00 | 170.00 | 249.00 | OK | |
r-patched-linux-x86_64 | 0.32.6 | 79.61 | 172.44 | 252.05 | OK | |
r-release-linux-x86_64 | 0.32.6 | 72.28 | 175.44 | 247.72 | OK | |
r-release-macos-arm64 | 0.32.6 | 95.00 | NOTE | |||
r-release-macos-x86_64 | 0.32.6 | 186.00 | NOTE | |||
r-release-windows-x86_64 | 0.32.6 | 105.00 | 211.00 | 316.00 | OK | |
r-oldrel-macos-arm64 | 0.32.6 | 81.00 | NOTE | |||
r-oldrel-macos-x86_64 | 0.32.6 | 133.00 | NOTE | |||
r-oldrel-windows-x86_64 | 0.32.6 | 93.00 | 199.00 | 292.00 | OK |
Version: 0.32.6
Check: installed package size
Result: NOTE
installed size is 7.7Mb
sub-directories of 1Mb or more:
R 2.0Mb
libs 5.3Mb
Flavors: r-release-macos-arm64, r-release-macos-x86_64, r-oldrel-macos-arm64, r-oldrel-macos-x86_64