CRAN Package Check Results for Package sdcTable

Last updated on 2021-12-03 22:57:55 CET.

Flavor Version Tinstall Tcheck Ttotal Status Flags
r-devel-linux-x86_64-debian-clang 0.32.1 77.28 127.07 204.35 OK
r-devel-linux-x86_64-debian-gcc 0.32.1 61.70 87.95 149.65 OK
r-devel-linux-x86_64-fedora-clang 0.32.1 281.17 NOTE
r-devel-linux-x86_64-fedora-gcc 0.32.2 265.54 NOTE
r-devel-windows-x86_64-new-UL 0.32.2 138.00 195.00 333.00 OK
r-devel-windows-x86_64-new-TK 0.32.1 NOTE
r-devel-windows-x86_64-old 0.32.1 131.00 118.00 249.00 OK
r-patched-linux-x86_64 0.32.1 74.58 111.49 186.07 OK
r-release-linux-x86_64 0.32.1 71.54 111.82 183.36 OK
r-release-macos-arm64 0.32.1 NOTE
r-release-macos-x86_64 0.32.1 NOTE
r-release-windows-ix86+x86_64 0.32.2 99.00 7.00 106.00 ERROR
r-oldrel-macos-x86_64 0.32.1 NOTE
r-oldrel-windows-ix86+x86_64 0.32.1 177.00 186.00 363.00 NOTE

Check Details

Version: 0.32.1
Check: installed package size
Result: NOTE
     installed size is 5.5Mb
     sub-directories of 1Mb or more:
     R 1.3Mb
     libs 3.8Mb
Flavors: r-devel-linux-x86_64-fedora-clang, r-release-macos-arm64, r-release-macos-x86_64, r-oldrel-macos-x86_64, r-oldrel-windows-ix86+x86_64

Version: 0.32.1
Check: dependencies in R code
Result: NOTE
    Namespace in Imports field not imported from: 'lpSolveAPI'
     All declared Imports should be used.
Flavors: r-devel-linux-x86_64-fedora-clang, r-devel-windows-x86_64-new-TK, r-release-macos-arm64, r-release-macos-x86_64, r-oldrel-macos-x86_64

Version: 0.32.1
Check: Rd cross-references
Result: NOTE
    Undeclared package ‘RegSDC’ in Rd xrefs
Flavor: r-devel-linux-x86_64-fedora-clang

Version: 0.32.2
Check: dependencies in R code
Result: NOTE
    Namespace in Imports field not imported from: 'lpSolveAPI'
     All declared Imports should be used.
Flavor: r-devel-linux-x86_64-fedora-gcc

Version: 0.32.2
Check: whether package can be installed
Result: ERROR
    Installation failed.
Flavor: r-release-windows-ix86+x86_64