Last updated on 2024-04-19 22:56:02 CEST.
Flavor | Version | Tinstall | Tcheck | Ttotal | Status | Flags |
---|---|---|---|---|---|---|
r-devel-linux-x86_64-debian-clang | 0.1.10 | 159.16 | 75.06 | 234.22 | OK | |
r-devel-linux-x86_64-debian-gcc | 0.1.10 | OK | ||||
r-devel-linux-x86_64-fedora-clang | 0.1.10 | 356.42 | OK | |||
r-devel-linux-x86_64-fedora-gcc | 0.1.10 | 368.70 | OK | |||
r-prerel-macos-arm64 | 0.1.10 | 68.00 | NOTE | |||
r-prerel-macos-x86_64 | 0.1.10 | 113.00 | NOTE | |||
r-prerel-windows-x86_64 | 0.1.10 | 131.00 | 105.00 | 236.00 | OK | |
r-patched-linux-x86_64 | 0.1.10 | 167.44 | 68.56 | 236.00 | OK | |
r-release-linux-x86_64 | 0.1.10 | 168.24 | 70.70 | 238.94 | OK | |
r-release-macos-arm64 | 0.1.10 | 72.00 | NOTE | |||
r-release-macos-x86_64 | 0.1.10 | 110.00 | NOTE | |||
r-release-windows-x86_64 | 0.1.10 | 156.00 | 123.00 | 279.00 | OK | |
r-oldrel-macos-arm64 | 0.1.10 | 71.00 | NOTE | |||
r-oldrel-windows-x86_64 | 0.1.10 | 167.00 | 107.00 | 274.00 | OK |
Version: 0.1.10
Check: installed package size
Result: NOTE
installed size is 9.7Mb
sub-directories of 1Mb or more:
libs 8.8Mb
Flavors: r-prerel-macos-arm64, r-prerel-macos-x86_64, r-release-macos-arm64, r-release-macos-x86_64, r-oldrel-macos-arm64