CRAN Package Check Results for Package sdmvspecies

Last updated on 2024-03-02 22:42:06 CET.

Flavor Version Tinstall Tcheck Ttotal Status Flags
r-devel-linux-x86_64-debian-clang 0.3.2 33.73 328.41 362.14 OK
r-devel-linux-x86_64-debian-gcc 0.3.2 27.31 248.07 275.38 OK
r-devel-linux-x86_64-fedora-clang 0.3.2 446.48 OK
r-devel-linux-x86_64-fedora-gcc 0.3.2 438.38 OK
r-devel-windows-x86_64 0.3.2 25.00 223.00 248.00 OK
r-patched-linux-x86_64 0.3.2 29.41 316.79 346.20 OK
r-release-linux-x86_64 0.3.2 25.33 324.07 349.40 OK
r-release-macos-arm64 0.3.2 113.00 OK
r-release-macos-x86_64 0.3.2 208.00 NOTE
r-release-windows-x86_64 0.3.2 32.00 289.00 321.00 OK
r-oldrel-macos-arm64 0.3.2 101.00 OK
r-oldrel-windows-x86_64 0.3.2 34.00 279.00 313.00 OK

Check Details

Version: 0.3.2
Check: re-building of vignette outputs
Result: NOTE Error(s) in re-building vignettes: --- re-building ‘sdmvspecies.Rnw’ using Sweave Loading required package: sp [1] "/Volumes/Builds/packages/big-sur-x86_64/results/4.3/sdmvspecies.Rcheck/sdmvspecies/external/env/bio1.bil" [2] "/Volumes/Builds/packages/big-sur-x86_64/results/4.3/sdmvspecies.Rcheck/sdmvspecies/external/env/bio11.bil" [3] "/Volumes/Builds/packages/big-sur-x86_64/results/4.3/sdmvspecies.Rcheck/sdmvspecies/external/env/bio12.bil" [4] "/Volumes/Builds/packages/big-sur-x86_64/results/4.3/sdmvspecies.Rcheck/sdmvspecies/external/env/bio14.bil" [5] "/Volumes/Builds/packages/big-sur-x86_64/results/4.3/sdmvspecies.Rcheck/sdmvspecies/external/env/bio16.bil" [6] "/Volumes/Builds/packages/big-sur-x86_64/results/4.3/sdmvspecies.Rcheck/sdmvspecies/external/env/bio5.bil" [7] "/Volumes/Builds/packages/big-sur-x86_64/results/4.3/sdmvspecies.Rcheck/sdmvspecies/external/env/bio7.bil" Error: processing vignette 'sdmvspecies.Rnw' failed with diagnostics: Running 'texi2dvi' on 'sdmvspecies.tex' failed. LaTeX errors: ! LaTeX Error: File `hanging.sty' not found. Type X to quit or <RETURN> to proceed, or enter new name. (Default extension: sty) ! Emergency stop. <read *> l.9 \usepackage [utf8]{inputenc}^^M ! ==> Fatal error occurred, no output PDF file produced! --- failed re-building ‘sdmvspecies.Rnw’ SUMMARY: processing the following file failed: ‘sdmvspecies.Rnw’ Error: Vignette re-building failed. Execution halted Flavor: r-release-macos-x86_64