CRAN Package Check Results for Package seasonal

Last updated on 2021-09-21 22:51:51 CEST.

Flavor Version Tinstall Tcheck Ttotal Status Flags
r-devel-linux-x86_64-debian-clang 1.8.3 6.51 87.89 94.40 OK
r-devel-linux-x86_64-debian-gcc 1.8.4 5.48 69.67 75.15 OK
r-devel-linux-x86_64-fedora-clang 1.8.4 125.09 OK
r-devel-linux-x86_64-fedora-gcc 1.8.4 115.19 OK
r-devel-windows-x86_64 1.8.3 8.00 111.00 119.00 OK
r-devel-windows-x86_64-gcc10-UCRT 1.8.4 ERROR
r-patched-linux-x86_64 1.8.4 7.28 89.98 97.26 OK
r-patched-solaris-x86 1.8.4 6.10 ERROR
r-release-linux-x86_64 1.8.3 6.33 87.04 93.37 OK
r-release-macos-arm64 1.8.3 OK
r-release-macos-x86_64 1.8.4 OK
r-release-windows-ix86+x86_64 1.8.4 19.00 151.00 170.00 OK
r-oldrel-macos-x86_64 1.8.4 OK
r-oldrel-windows-ix86+x86_64 1.8.4 13.00 117.00 130.00 OK

Check Details

Version: 1.8.4
Check: whether package can be installed
Result: WARN
    Found the following significant warnings:
     WARNING: installation-time patches will not be applied, could not get the patches index
Flavor: r-devel-windows-x86_64-gcc10-UCRT

Version: 1.8.4
Check: PDF version of manual
Result: WARN
    LaTeX errors when creating PDF version.
    This typically indicates Rd problems.
Flavor: r-devel-windows-x86_64-gcc10-UCRT

Version: 1.8.4
Check: PDF version of manual without hyperrefs or index
Result: ERROR
    Re-running with no redirection of stdout/stderr.
Flavor: r-devel-windows-x86_64-gcc10-UCRT

Version: 1.8.4
Check: package dependencies
Result: ERROR
    Package required but not available: ‘x13binary’
    
    Package suggested but not available for checking: ‘seasonalview’
    
    See section ‘The DESCRIPTION file’ in the ‘Writing R Extensions’
    manual.
Flavor: r-patched-solaris-x86