CRAN Package Check Results for Package secsse

Last updated on 2020-02-17 22:49:47 CET.

Flavor Version Tinstall Tcheck Ttotal Status Flags
r-devel-linux-x86_64-debian-clang 2.0.0 0.45 2.44 2.89 ERROR
r-devel-linux-x86_64-debian-gcc 2.0.0 4.66 32.88 37.54 OK
r-devel-linux-x86_64-fedora-clang 2.0.0 58.65 OK
r-devel-linux-x86_64-fedora-gcc 2.0.0 58.82 OK
r-devel-windows-ix86+x86_64 2.0.0 18.00 67.00 85.00 NOTE
r-devel-windows-ix86+x86_64-gcc8 2.0.0 28.00 72.00 100.00 NOTE
r-patched-linux-x86_64 2.0.0 3.88 37.20 41.08 OK
r-patched-solaris-x86 2.0.0 76.20 OK
r-release-linux-x86_64 2.0.0 4.11 37.92 42.03 OK
r-release-windows-ix86+x86_64 2.0.0 13.00 59.00 72.00 NOTE
r-release-osx-x86_64 2.0.0 OK
r-oldrel-windows-ix86+x86_64 2.0.0 9.00 69.00 78.00 NOTE
r-oldrel-osx-x86_64 2.0.0 OK

Check Details

Version: 2.0.0
Check: package dependencies
Result: ERROR
    Package required but not available: 'apTreeshape'
    
    See section 'The DESCRIPTION file' in the 'Writing R Extensions'
    manual.
Flavor: r-devel-linux-x86_64-debian-clang

Version: 2.0.0
Check: package dependencies
Result: NOTE
    Package which this enhances but not available for checking: 'doMC'
Flavors: r-devel-windows-ix86+x86_64, r-devel-windows-ix86+x86_64-gcc8, r-release-windows-ix86+x86_64, r-oldrel-windows-ix86+x86_64