Last updated on 2024-04-18 22:52:59 CEST.
Flavor | Version | Tinstall | Tcheck | Ttotal | Status | Flags |
---|---|---|---|---|---|---|
r-devel-linux-x86_64-debian-clang | 3.0.2 | 108.09 | 137.76 | 245.85 | OK | |
r-devel-linux-x86_64-debian-gcc | 3.0.2 | 83.79 | 108.48 | 192.27 | OK | |
r-devel-linux-x86_64-fedora-clang | 3.0.2 | 314.48 | NOTE | |||
r-devel-linux-x86_64-fedora-gcc | 3.0.2 | 337.45 | OK | |||
r-prerel-macos-arm64 | 3.0.2 | 92.00 | NOTE | |||
r-prerel-windows-x86_64 | 3.0.2 | 83.00 | 133.00 | 216.00 | OK | |
r-patched-linux-x86_64 | 3.0.2 | 94.53 | 130.10 | 224.63 | OK | |
r-release-linux-x86_64 | 3.0.2 | 97.67 | 135.81 | 233.48 | OK | |
r-release-macos-arm64 | 3.0.2 | 100.00 | NOTE | |||
r-release-macos-x86_64 | 3.0.2 | 140.00 | NOTE | |||
r-release-windows-x86_64 | 3.0.2 | 96.00 | 167.00 | 263.00 | OK | |
r-oldrel-macos-arm64 | 3.0.2 | 90.00 | NOTE | |||
r-oldrel-windows-x86_64 | 3.0.2 | 94.00 | 162.00 | 256.00 | OK |
Version: 3.0.2
Check: Rd cross-references
Result: NOTE
Undeclared package ‘subplex’ in Rd xrefs
Flavor: r-devel-linux-x86_64-fedora-clang
Version: 3.0.2
Check: installed package size
Result: NOTE
installed size is 9.0Mb
sub-directories of 1Mb or more:
libs 8.4Mb
Flavors: r-prerel-macos-arm64, r-release-macos-arm64, r-release-macos-x86_64, r-oldrel-macos-arm64