CRAN Package Check Results for Package secure

Last updated on 2021-07-31 22:53:48 CEST.

Flavor Version Tinstall Tcheck Ttotal Status Flags
r-devel-linux-x86_64-debian-clang 0.6 50.94 36.84 87.78 OK
r-devel-linux-x86_64-debian-gcc 0.6 29.97 29.70 59.67 OK
r-devel-linux-x86_64-fedora-clang 0.6 116.82 OK
r-devel-linux-x86_64-fedora-gcc 0.6 103.09 OK
r-devel-windows-x86_64 0.6 38.00 67.00 105.00 OK
r-devel-windows-x86_64-gcc10-UCRT 0.6 OK
r-patched-linux-x86_64 0.6 OK
r-patched-solaris-x86 0.6 114.80 OK
r-release-linux-x86_64 0.6 38.34 36.41 74.75 OK
r-release-macos-arm64 0.6 NOTE
r-release-macos-x86_64 0.6 OK
r-release-windows-ix86+x86_64 0.6 101.00 65.00 166.00 OK
r-oldrel-macos-x86_64 0.6 OK
r-oldrel-windows-ix86+x86_64 0.6 73.00 87.00 160.00 OK

Check Details

Version: 0.6
Check: installed package size
Result: NOTE
     installed size is 5.6Mb
     sub-directories of 1Mb or more:
     libs 4.6Mb
Flavor: r-release-macos-arm64