CRAN Package Check Results for Package see

Last updated on 2021-11-26 23:03:40 CET.

Flavor Version Tinstall Tcheck Ttotal Status Flags
r-devel-linux-x86_64-debian-clang 0.6.8 14.20 201.46 215.66 OK
r-devel-linux-x86_64-debian-gcc 0.6.8 7.48 139.48 146.96 OK
r-devel-linux-x86_64-fedora-clang 0.6.8 258.10 OK
r-devel-linux-x86_64-fedora-gcc 0.6.8 264.57 OK
r-devel-windows-x86_64-new-UL 0.6.8 30.00 271.00 301.00 OK
r-devel-windows-x86_64-new-TK 0.6.8 OK
r-devel-windows-x86_64-old 0.6.8 18.00 219.00 237.00 OK
r-patched-linux-x86_64 0.6.8 12.19 185.52 197.71 OK
r-patched-solaris-x86 0.6.8 373.10 NOTE
r-release-linux-x86_64 0.6.8 OK
r-release-macos-arm64 0.6.8 OK
r-release-macos-x86_64 0.6.8 OK
r-release-windows-ix86+x86_64 0.6.8 25.00 249.00 274.00 OK
r-oldrel-macos-x86_64 0.6.8 OK
r-oldrel-windows-ix86+x86_64 0.6.8 29.00 248.00 277.00 OK

Check Details

Version: 0.6.8
Check: package dependencies
Result: NOTE
    Package suggested but not available for checking: ‘glmmTMB’
Flavor: r-patched-solaris-x86