CRAN Package Check Results for Package seeker

Last updated on 2022-11-30 21:54:00 CET.

Flavor Version Tinstall Tcheck Ttotal Status Flags
r-devel-linux-x86_64-debian-clang 1.0.13 8.98 91.44 100.42 OK
r-devel-linux-x86_64-debian-gcc 1.0.13 6.08 68.47 74.55 OK
r-devel-linux-x86_64-fedora-clang 1.0.13 132.67 OK
r-devel-linux-x86_64-fedora-gcc 1.0.13 126.48 OK
r-devel-windows-x86_64 1.0.13 124.00 120.00 244.00 OK
r-patched-linux-x86_64 1.0.13 8.32 83.05 91.37 OK
r-release-linux-x86_64 1.0.13 6.14 81.96 88.10 OK
r-release-macos-arm64 1.0.13 6.00 ERROR
r-release-macos-x86_64 1.0.13 7.00 ERROR
r-release-windows-x86_64 1.0.13 107.00 115.00 222.00 OK
r-oldrel-macos-arm64 1.0.13 10.00 ERROR
r-oldrel-macos-x86_64 1.0.13 12.00 ERROR
r-oldrel-windows-ix86+x86_64 1.0.13 18.00 103.00 121.00 OK

Check Details

Version: 1.0.13
Check: package dependencies
Result: ERROR
    Packages required but not available: 'ArrayExpress', 'tximport'
    
    See section ‘The DESCRIPTION file’ in the ‘Writing R Extensions’
    manual.
Flavors: r-release-macos-arm64, r-oldrel-macos-arm64

Version: 1.0.13
Check: package dependencies
Result: ERROR
    Package required but not available: ‘ArrayExpress’
    
    See section ‘The DESCRIPTION file’ in the ‘Writing R Extensions’
    manual.
Flavors: r-release-macos-x86_64, r-oldrel-macos-x86_64