CRAN Package Check Results for Package seer

Last updated on 2021-10-17 22:48:49 CEST.

Flavor Version Tinstall Tcheck Ttotal Status Flags
r-devel-linux-x86_64-debian-clang 1.1.6 9.98 107.43 117.41 OK
r-devel-linux-x86_64-debian-gcc 1.1.6 7.49 79.66 87.15 OK
r-devel-linux-x86_64-fedora-clang 1.1.6 147.42 NOTE
r-devel-linux-x86_64-fedora-gcc 1.1.6 138.93 NOTE
r-devel-windows-x86_64 1.1.6 15.00 116.00 131.00 OK
r-devel-windows-x86_64-gcc10-UCRT 1.1.6 NOTE
r-patched-linux-x86_64 1.1.6 7.93 103.29 111.22 OK
r-patched-solaris-x86 1.1.6 199.10 NOTE
r-release-linux-x86_64 1.1.6 8.63 104.41 113.04 OK
r-release-macos-arm64 1.1.6 NOTE
r-release-macos-x86_64 1.1.6 NOTE
r-release-windows-ix86+x86_64 1.1.6 21.00 134.00 155.00 OK
r-oldrel-macos-x86_64 1.1.6 NOTE
r-oldrel-windows-ix86+x86_64 1.1.6 23.00 133.00 156.00 OK

Check Details

Version: 1.1.6
Check: dependencies in R code
Result: NOTE
    Namespace in Imports field not imported from: ‘MASS’
     All declared Imports should be used.
Flavors: r-devel-linux-x86_64-fedora-clang, r-devel-linux-x86_64-fedora-gcc, r-devel-windows-x86_64-gcc10-UCRT, r-patched-solaris-x86, r-release-macos-arm64, r-release-macos-x86_64, r-oldrel-macos-x86_64