CRAN Package Check Results for Package seer

Last updated on 2021-07-23 22:53:21 CEST.

Flavor Version Tinstall Tcheck Ttotal Status Flags
r-devel-linux-x86_64-debian-clang 1.1.6 9.80 109.28 119.08 OK
r-devel-linux-x86_64-debian-gcc 1.1.6 7.23 80.37 87.60 OK
r-devel-linux-x86_64-fedora-clang 1.1.6 146.15 NOTE
r-devel-linux-x86_64-fedora-gcc 1.1.6 142.61 NOTE
r-devel-windows-x86_64 1.1.6 14.00 104.00 118.00 OK
r-devel-windows-x86_64-gcc10-UCRT 1.1.6 NOTE
r-patched-linux-x86_64 1.1.6 8.15 104.12 112.27 OK
r-patched-solaris-x86 1.1.6 198.00 NOTE
r-release-linux-x86_64 1.1.6 8.59 103.34 111.93 OK
r-release-macos-arm64 1.1.6 NOTE
r-release-macos-x86_64 1.1.6 NOTE
r-release-windows-ix86+x86_64 1.1.6 21.00 101.00 122.00 OK
r-oldrel-macos-x86_64 1.1.6 NOTE
r-oldrel-windows-ix86+x86_64 1.1.6 22.00 125.00 147.00 OK

Check Details

Version: 1.1.6
Check: dependencies in R code
Result: NOTE
    Namespace in Imports field not imported from: ‘MASS’
     All declared Imports should be used.
Flavors: r-devel-linux-x86_64-fedora-clang, r-devel-linux-x86_64-fedora-gcc, r-devel-windows-x86_64-gcc10-UCRT, r-patched-solaris-x86, r-release-macos-arm64, r-release-macos-x86_64, r-oldrel-macos-x86_64