CRAN Package Check Results for Package segmenTier

Last updated on 2021-07-31 22:53:48 CEST.

Flavor Version Tinstall Tcheck Ttotal Status Flags
r-devel-linux-x86_64-debian-clang 0.1.2 32.22 88.63 120.85 OK
r-devel-linux-x86_64-debian-gcc 0.1.2 20.39 66.43 86.82 OK
r-devel-linux-x86_64-fedora-clang 0.1.2 160.21 NOTE
r-devel-linux-x86_64-fedora-gcc 0.1.2 141.59 NOTE
r-devel-windows-x86_64 0.1.2 32.00 124.00 156.00 OK
r-devel-windows-x86_64-gcc10-UCRT 0.1.2 OK
r-patched-linux-x86_64 0.1.2 OK
r-patched-solaris-x86 0.1.2 208.90 NOTE
r-release-linux-x86_64 0.1.2 24.56 82.50 107.06 OK
r-release-macos-arm64 0.1.2 NOTE
r-release-macos-x86_64 0.1.2 NOTE
r-release-windows-ix86+x86_64 0.1.2 73.00 160.00 233.00 OK
r-oldrel-macos-x86_64 0.1.2 NOTE
r-oldrel-windows-ix86+x86_64 0.1.2 50.00 159.00 209.00 OK

Check Details

Version: 0.1.2
Check: package dependencies
Result: NOTE
    Packages suggested but not available for checking:
     'flowMerge', 'flowClust', 'flowCore'
Flavors: r-devel-linux-x86_64-fedora-clang, r-devel-linux-x86_64-fedora-gcc, r-patched-solaris-x86

Version: 0.1.2
Check: Rd cross-references
Result: NOTE
    Packages unavailable to check Rd xrefs: ‘flowClust’, ‘flowMerge’
Flavors: r-devel-linux-x86_64-fedora-clang, r-devel-linux-x86_64-fedora-gcc, r-patched-solaris-x86, r-release-macos-arm64, r-release-macos-x86_64, r-oldrel-macos-x86_64

Version: 0.1.2
Check: package dependencies
Result: NOTE
    Packages suggested but not available for checking: 'flowMerge', 'flowClust'
Flavors: r-release-macos-arm64, r-release-macos-x86_64, r-oldrel-macos-x86_64