Last updated on 2024-04-18 22:52:59 CEST.
Flavor | Version | Tinstall | Tcheck | Ttotal | Status | Flags |
---|---|---|---|---|---|---|
r-devel-linux-x86_64-debian-clang | 0.1.2 | 32.18 | 94.48 | 126.66 | OK | |
r-devel-linux-x86_64-debian-gcc | 0.1.2 | 24.00 | 70.65 | 94.65 | OK | |
r-devel-linux-x86_64-fedora-clang | 0.1.2 | 171.64 | NOTE | |||
r-devel-linux-x86_64-fedora-gcc | 0.1.2 | 172.73 | NOTE | |||
r-prerel-macos-arm64 | 0.1.2 | 54.00 | OK | |||
r-prerel-windows-x86_64 | 0.1.2 | 26.00 | 114.00 | 140.00 | OK | |
r-patched-linux-x86_64 | 0.1.2 | 33.11 | 89.11 | 122.22 | OK | |
r-release-linux-x86_64 | 0.1.2 | 31.05 | 87.31 | 118.36 | OK | |
r-release-macos-arm64 | 0.1.2 | 61.00 | NOTE | |||
r-release-macos-x86_64 | 0.1.2 | 95.00 | NOTE | |||
r-release-windows-x86_64 | 0.1.2 | 24.00 | 128.00 | 152.00 | OK | |
r-oldrel-macos-arm64 | 0.1.2 | 58.00 | NOTE | |||
r-oldrel-windows-x86_64 | 0.1.2 | 31.00 | 127.00 | 158.00 | OK |
Version: 0.1.2
Check: package dependencies
Result: NOTE
Packages suggested but not available for checking:
'flowMerge', 'flowClust', 'flowCore'
Flavors: r-devel-linux-x86_64-fedora-clang, r-devel-linux-x86_64-fedora-gcc, r-release-macos-arm64, r-release-macos-x86_64
Version: 0.1.2
Check: Rd cross-references
Result: NOTE
Packages unavailable to check Rd xrefs: ‘flowClust’, ‘flowMerge’
Flavors: r-devel-linux-x86_64-fedora-clang, r-devel-linux-x86_64-fedora-gcc, r-release-macos-arm64, r-release-macos-x86_64
Version: 0.1.2
Check: package dependencies
Result: NOTE
Package suggested but not available for checking: ‘flowMerge’
Flavor: r-oldrel-macos-arm64
Version: 0.1.2
Check: Rd cross-references
Result: NOTE
Package unavailable to check Rd xrefs: ‘flowMerge’
Flavor: r-oldrel-macos-arm64