CRAN Package Check Results for Package selac

Last updated on 2021-06-22 22:56:51 CEST.

Flavor Version Tinstall Tcheck Ttotal Status Flags
r-devel-linux-x86_64-debian-clang 1.7.5 3.21 2.79 6.00 ERROR
r-devel-linux-x86_64-debian-gcc 1.7.5 2.95 2.18 5.13 ERROR
r-devel-linux-x86_64-fedora-clang 1.7.5 16.54 ERROR
r-devel-linux-x86_64-fedora-gcc 1.7.5 7.38 ERROR
r-devel-windows-x86_64 1.7.5 6.00 9.00 15.00 ERROR
r-devel-windows-x86_64-gcc10-UCRT 1.7.5 ERROR
r-patched-linux-x86_64 1.7.5 2.76 2.79 5.55 ERROR
r-patched-solaris-x86 1.7.5 12.70 ERROR
r-release-linux-x86_64 1.7.5 2.66 2.84 5.50 ERROR
r-release-macos-arm64 1.7.5 OK
r-release-macos-x86_64 1.7.5 OK
r-release-windows-ix86+x86_64 1.7.5 5.00 6.00 11.00 ERROR
r-oldrel-macos-x86_64 1.7.5 OK

Check Details

Version: 1.7.5
Check: whether package can be installed
Result: ERROR
    Installation failed.
Flavors: r-devel-linux-x86_64-debian-clang, r-devel-linux-x86_64-debian-gcc, r-devel-linux-x86_64-fedora-clang, r-devel-linux-x86_64-fedora-gcc, r-devel-windows-x86_64, r-devel-windows-x86_64-gcc10-UCRT, r-patched-linux-x86_64, r-patched-solaris-x86, r-release-linux-x86_64, r-release-windows-ix86+x86_64