CRAN Package Check Results for Package selectiveInference

Last updated on 2021-07-31 22:53:48 CEST.

Flavor Version Tinstall Tcheck Ttotal Status Flags
r-devel-linux-x86_64-debian-clang 1.2.5 62.59 119.48 182.07 OK
r-devel-linux-x86_64-debian-gcc 1.2.5 36.39 87.67 124.06 OK
r-devel-linux-x86_64-fedora-clang 1.2.5 216.46 OK
r-devel-linux-x86_64-fedora-gcc 1.2.5 217.29 OK
r-devel-windows-x86_64 1.2.5 56.00 152.00 208.00 OK
r-devel-windows-x86_64-gcc10-UCRT 1.2.5 NOTE
r-patched-linux-x86_64 1.2.5 OK
r-patched-solaris-x86 1.2.5 237.90 OK
r-release-linux-x86_64 1.2.5 47.54 112.24 159.78 OK
r-release-macos-arm64 1.2.5 OK
r-release-macos-x86_64 1.2.5 OK
r-release-windows-ix86+x86_64 1.2.5 113.00 146.00 259.00 OK
r-oldrel-macos-x86_64 1.2.5 OK
r-oldrel-windows-ix86+x86_64 1.2.5 83.00 201.00 284.00 OK

Check Details

Version: 1.2.5
Check: line endings in C/C++/Fortran sources/headers
Result: NOTE
    Found the following sources/headers with CR or CRLF line endings:
     src/RcppExports.cpp
    Some Unix compilers require LF line endings.
Flavor: r-devel-windows-x86_64-gcc10-UCRT