Last updated on 2023-09-20 21:53:02 CEST.
Flavor | Version | Tinstall | Tcheck | Ttotal | Status | Flags |
---|---|---|---|---|---|---|
r-devel-linux-x86_64-debian-clang | 0.5-6 | 39.82 | 361.96 | 401.78 | OK | |
r-devel-linux-x86_64-debian-gcc | 0.5-6 | 25.94 | 255.86 | 281.80 | OK | |
r-devel-linux-x86_64-fedora-clang | 0.5-6 | 507.62 | OK | |||
r-devel-linux-x86_64-fedora-gcc | 0.5-6 | 485.34 | OK | |||
r-devel-windows-x86_64 | 0.5-6 | 34.00 | 274.00 | 308.00 | OK | |
r-patched-linux-x86_64 | 0.5-6 | 32.35 | 339.85 | 372.20 | OK | |
r-release-linux-x86_64 | 0.5-6 | 34.99 | 341.52 | 376.51 | NOTE | |
r-release-macos-arm64 | 0.5-6 | 122.00 | OK | |||
r-release-macos-x86_64 | 0.5-6 | 188.00 | NOTE | |||
r-release-windows-x86_64 | 0.5-6 | 45.00 | 349.00 | 394.00 | OK | |
r-oldrel-macos-arm64 | 0.5-6 | 115.00 | OK | |||
r-oldrel-macos-x86_64 | 0.5-6 | 150.00 | OK | |||
r-oldrel-windows-x86_64 | 0.5-6 | 43.00 | 336.00 | 379.00 | OK |
Version: 0.5-6
Check: package dependencies
Result: NOTE
Package suggested but not available for checking: ‘blavaan’
Flavor: r-release-linux-x86_64
Version: 0.5-6
Check: package dependencies
Result: NOTE
Packages suggested but not available for checking: 'blavaan', 'emmeans'
Flavor: r-release-macos-x86_64
Version: 0.5-6
Check: Rd cross-references
Result: NOTE
Package unavailable to check Rd xrefs: ‘blavaan’
Flavor: r-release-macos-x86_64