CRAN Package Check Results for Package semiArtificial

Last updated on 2019-12-10 22:49:48 CET.

Flavor Version Tinstall Tcheck Ttotal Status Flags
r-devel-linux-x86_64-debian-clang 2.3.1 18.48 133.17 151.65 NOTE
r-devel-linux-x86_64-debian-gcc 2.3.1 15.74 100.92 116.66 NOTE
r-devel-linux-x86_64-fedora-clang 2.3.1 179.28 NOTE
r-devel-linux-x86_64-fedora-gcc 2.3.1 173.36 NOTE
r-devel-windows-ix86+x86_64 2.3.1 26.00 165.00 191.00 OK
r-devel-windows-ix86+x86_64-gcc8 2.3.1 29.00 195.00 224.00 OK
r-patched-linux-x86_64 2.3.1 13.61 116.73 130.34 OK
r-patched-solaris-x86 2.3.1 221.90 OK
r-release-linux-x86_64 2.3.1 14.27 115.12 129.39 OK
r-release-windows-ix86+x86_64 2.3.1 31.00 117.00 148.00 OK
r-release-osx-x86_64 2.3.1 OK
r-oldrel-windows-ix86+x86_64 2.3.1 17.00 112.00 129.00 OK
r-oldrel-osx-x86_64 2.3.1 OK

Check Details

Version: 2.3.1
Check: for non-standard things in the check directory
Result: NOTE
    Found the following files/directories:
     'Rprof.out'
Flavors: r-devel-linux-x86_64-debian-clang, r-devel-linux-x86_64-debian-gcc, r-devel-linux-x86_64-fedora-clang, r-devel-linux-x86_64-fedora-gcc