CRAN Package Check Results for Package semiArtificial

Last updated on 2019-08-21 22:48:50 CEST.

Flavor Version Tinstall Tcheck Ttotal Status Flags
r-devel-linux-x86_64-debian-clang 2.3.1 14.50 120.68 135.18 NOTE
r-devel-linux-x86_64-debian-gcc 2.3.1 NOTE
r-devel-linux-x86_64-fedora-clang 2.3.1 158.52 NOTE
r-devel-linux-x86_64-fedora-gcc 2.3.1 163.37 NOTE
r-devel-windows-ix86+x86_64 2.3.1 39.00 143.00 182.00 OK
r-patched-linux-x86_64 2.3.1 15.43 116.60 132.03 OK
r-patched-solaris-x86 2.3.1 231.30 OK
r-release-linux-x86_64 2.3.1 15.29 116.32 131.61 OK
r-release-windows-ix86+x86_64 2.3.1 28.00 115.00 143.00 OK
r-release-osx-x86_64 2.3.1 OK
r-oldrel-windows-ix86+x86_64 2.3.1 27.00 152.00 179.00 OK
r-oldrel-osx-x86_64 2.3.1 OK

Check Details

Version: 2.3.1
Check: for non-standard things in the check directory
Result: NOTE
    Found the following files/directories:
     'Rprof.out'
Flavors: r-devel-linux-x86_64-debian-clang, r-devel-linux-x86_64-debian-gcc, r-devel-linux-x86_64-fedora-clang, r-devel-linux-x86_64-fedora-gcc