CRAN Package Check Results for Package semptools

Last updated on 2021-11-29 22:59:24 CET.

Flavor Version Tinstall Tcheck Ttotal Status Flags
r-devel-linux-x86_64-debian-clang 0.2.9.3 3.89 104.97 108.86 OK
r-devel-linux-x86_64-debian-gcc 0.2.9.3 2.55 77.61 80.16 OK
r-devel-linux-x86_64-fedora-clang 0.2.9.3 140.13 NOTE
r-devel-linux-x86_64-fedora-gcc 0.2.9.3 128.75 OK
r-devel-windows-x86_64-new-UL 0.2.9.3 12.00 176.00 188.00 OK
r-devel-windows-x86_64-new-TK 0.2.9.3 OK
r-devel-windows-x86_64-old 0.2.9.3 6.00 111.00 117.00 OK
r-patched-linux-x86_64 0.2.9.3 6.75 125.39 132.14 OK
r-patched-solaris-x86 0.2.9.3 128.50 OK
r-release-linux-x86_64 0.2.9.3 2.82 124.29 127.11 OK
r-release-macos-arm64 0.2.9.3 OK
r-release-macos-x86_64 0.2.9.3 OK
r-release-windows-ix86+x86_64 0.2.9.3 7.00 117.00 124.00 OK
r-oldrel-macos-x86_64 0.2.9.3 OK
r-oldrel-windows-ix86+x86_64 0.2.9.3 6.00 167.00 173.00 OK

Check Details

Version: 0.2.9.3
Check: Rd cross-references
Result: NOTE
    Undeclared package ‘qgraph’ in Rd xrefs
Flavor: r-devel-linux-x86_64-fedora-clang