CRAN Package Check Results for Package semver

Last updated on 2021-08-04 22:55:33 CEST.

Flavor Version Tinstall Tcheck Ttotal Status Flags
r-devel-linux-x86_64-debian-clang 0.2.0 33.24 33.44 66.68 NOTE
r-devel-linux-x86_64-debian-gcc 0.2.0 18.87 26.33 45.20 NOTE
r-devel-linux-x86_64-fedora-clang 0.2.0 91.75 NOTE
r-devel-linux-x86_64-fedora-gcc 0.2.0 71.89 NOTE
r-devel-windows-x86_64 0.2.0 27.00 63.00 90.00 NOTE
r-devel-windows-x86_64-gcc10-UCRT 0.2.0 NOTE
r-patched-linux-x86_64 0.2.0 24.91 31.44 56.35 NOTE
r-patched-solaris-x86 0.2.0 89.60 NOTE
r-release-linux-x86_64 0.2.0 23.24 30.98 54.22 NOTE
r-release-macos-arm64 0.2.0 NOTE
r-release-macos-x86_64 0.2.0 NOTE
r-release-windows-ix86+x86_64 0.2.0 66.00 75.00 141.00 NOTE
r-oldrel-macos-x86_64 0.2.0 OK
r-oldrel-windows-ix86+x86_64 0.2.0 50.00 77.00 127.00 OK

Check Details

Version: 0.2.0
Check: LazyData
Result: NOTE
     'LazyData' is specified without a 'data' directory
Flavors: r-devel-linux-x86_64-debian-clang, r-devel-linux-x86_64-debian-gcc, r-devel-linux-x86_64-fedora-clang, r-devel-linux-x86_64-fedora-gcc, r-devel-windows-x86_64, r-devel-windows-x86_64-gcc10-UCRT, r-patched-linux-x86_64, r-patched-solaris-x86, r-release-linux-x86_64, r-release-macos-arm64, r-release-macos-x86_64, r-release-windows-ix86+x86_64

Version: 0.2.0
Check: compiled code
Result: NOTE
    File ‘semver/libs/semver.so’:
     Found no calls to: ‘R_registerRoutines’, ‘R_useDynamicSymbols’
    
    It is good practice to register native routines and to disable symbol
    search.
    
    See ‘Writing portable packages’ in the ‘Writing R Extensions’ manual.
Flavors: r-devel-linux-x86_64-fedora-clang, r-devel-linux-x86_64-fedora-gcc