CRAN Package Check Results for Package sendigR

Last updated on 2023-10-02 22:08:11 CEST.

Flavor Version Tinstall Tcheck Ttotal Status Flags
r-devel-linux-x86_64-debian-clang 1.0.0 14.12 57.48 71.60 OK
r-devel-linux-x86_64-debian-gcc 1.0.0 9.81 42.94 52.75 OK
r-devel-linux-x86_64-fedora-clang 1.0.0 83.31 NOTE
r-devel-linux-x86_64-fedora-gcc 1.0.0 90.46 NOTE
r-devel-windows-x86_64 1.0.0 9.00 65.00 74.00 OK
r-patched-linux-x86_64 1.0.0 13.92 54.57 68.49 OK
r-release-linux-x86_64 1.0.0 10.29 56.25 66.54 OK
r-release-macos-arm64 1.0.0 38.00 OK
r-release-macos-x86_64 1.0.0 53.00 OK
r-release-windows-x86_64 1.0.0 14.00 73.00 87.00 OK
r-oldrel-macos-arm64 1.0.0 25.00 NOTE
r-oldrel-macos-x86_64 1.0.0 40.00 NOTE
r-oldrel-windows-x86_64 1.0.0 15.00 72.00 87.00 OK

Check Details

Version: 1.0.0
Check: dependencies in R code
Result: NOTE
    Namespace in Imports field not imported from: ‘reticulate’
     All declared Imports should be used.
Flavors: r-devel-linux-x86_64-fedora-clang, r-devel-linux-x86_64-fedora-gcc, r-oldrel-macos-arm64, r-oldrel-macos-x86_64