Last updated on 2024-04-18 22:52:59 CEST.
Flavor | Version | Tinstall | Tcheck | Ttotal | Status | Flags |
---|---|---|---|---|---|---|
r-devel-linux-x86_64-debian-clang | 0.2.3 | 722.18 | 45.92 | 768.10 | NOTE | |
r-devel-linux-x86_64-debian-gcc | 0.2.3 | 643.03 | 34.73 | 677.76 | NOTE | |
r-devel-linux-x86_64-fedora-clang | 0.2.3 | 1237.89 | NOTE | |||
r-devel-linux-x86_64-fedora-gcc | 0.2.3 | 1270.56 | NOTE | |||
r-prerel-macos-arm64 | 0.2.3 | 185.00 | NOTE | |||
r-prerel-windows-x86_64 | 0.2.3 | 671.00 | 92.00 | 763.00 | NOTE | |
r-patched-linux-x86_64 | 0.2.3 | 778.25 | 42.82 | 821.07 | NOTE | |
r-release-linux-x86_64 | 0.2.3 | 762.42 | 42.39 | 804.81 | NOTE | |
r-release-macos-arm64 | 0.2.3 | 245.00 | NOTE | |||
r-release-macos-x86_64 | 0.2.3 | 443.00 | NOTE | |||
r-release-windows-x86_64 | 0.2.3 | 679.00 | 100.00 | 779.00 | NOTE | |
r-oldrel-macos-arm64 | 0.2.3 | 237.00 | NOTE | |||
r-oldrel-windows-x86_64 | 0.2.3 | 770.00 | 96.00 | 866.00 | NOTE |
Version: 0.2.3
Check: C++ specification
Result: NOTE
Specified C++11: please drop specification unless essential
Flavors: r-devel-linux-x86_64-debian-clang, r-devel-linux-x86_64-debian-gcc, r-devel-linux-x86_64-fedora-clang, r-devel-linux-x86_64-fedora-gcc, r-prerel-macos-arm64, r-prerel-windows-x86_64, r-patched-linux-x86_64, r-release-linux-x86_64, r-release-macos-arm64, r-release-macos-x86_64, r-release-windows-x86_64
Version: 0.2.3
Check: installed package size
Result: NOTE
installed size is 21.5Mb
sub-directories of 1Mb or more:
libs 19.7Mb
models 1.6Mb
Flavors: r-prerel-macos-arm64, r-prerel-windows-x86_64, r-release-macos-arm64, r-release-macos-x86_64, r-release-windows-x86_64, r-oldrel-macos-arm64, r-oldrel-windows-x86_64