Last updated on 2023-09-22 23:05:11 CEST.
Flavor | Version | Tinstall | Tcheck | Ttotal | Status | Flags |
---|---|---|---|---|---|---|
r-devel-linux-x86_64-debian-clang | 0.1.1 | 9.35 | 98.64 | 107.99 | OK | |
r-devel-linux-x86_64-debian-gcc | 0.1.1 | 8.66 | 71.67 | 80.33 | OK | |
r-devel-linux-x86_64-fedora-clang | 0.1.1 | 130.84 | NOTE | |||
r-devel-linux-x86_64-fedora-gcc | 0.1.1 | 149.10 | NOTE | |||
r-devel-windows-x86_64 | 0.1.1 | 11.00 | 88.00 | 99.00 | OK | |
r-patched-linux-x86_64 | 0.1.1 | 11.47 | 89.47 | 100.94 | OK | |
r-release-linux-x86_64 | 0.1.1 | 8.73 | 90.98 | 99.71 | OK | |
r-release-macos-arm64 | 0.1.1 | 47.00 | OK | |||
r-release-macos-x86_64 | 0.1.1 | 79.00 | OK | |||
r-release-windows-x86_64 | 0.1.1 | 13.00 | 106.00 | 119.00 | OK | |
r-oldrel-macos-arm64 | 0.1.1 | 42.00 | NOTE | |||
r-oldrel-macos-x86_64 | 0.1.1 | 73.00 | NOTE | |||
r-oldrel-windows-x86_64 | 0.1.1 | 15.00 | 110.00 | 125.00 | OK |
Version: 0.1.1
Check: data for non-ASCII characters
Result: NOTE
Note: found 836 marked UTF-8 strings
Flavors: r-devel-linux-x86_64-fedora-clang, r-devel-linux-x86_64-fedora-gcc, r-oldrel-macos-arm64, r-oldrel-macos-x86_64