Last updated on 2023-09-20 21:53:02 CEST.
Flavor | Version | Tinstall | Tcheck | Ttotal | Status | Flags |
---|---|---|---|---|---|---|
r-devel-linux-x86_64-debian-clang | 0.7.2 | 89.78 | 488.45 | 578.23 | OK | |
r-devel-linux-x86_64-debian-gcc | 0.7.2 | 63.71 | 359.98 | 423.69 | OK | |
r-devel-linux-x86_64-fedora-clang | 0.7.2 | 640.07 | NOTE | |||
r-devel-linux-x86_64-fedora-gcc | 0.7.2 | 613.95 | NOTE | |||
r-devel-windows-x86_64 | 0.7.2 | 69.00 | 324.00 | 393.00 | OK | |
r-patched-linux-x86_64 | 0.7.2 | 93.91 | 418.33 | 512.24 | OK | |
r-release-linux-x86_64 | 0.7.2 | 87.89 | 439.38 | 527.27 | OK | |
r-release-macos-arm64 | 0.7.2 | 174.00 | NOTE | |||
r-release-macos-x86_64 | 0.7.2 | 314.00 | NOTE | |||
r-release-windows-x86_64 | 0.7.2 | 88.00 | 400.00 | 488.00 | OK | |
r-oldrel-macos-arm64 | 0.7.2 | 185.00 | NOTE | |||
r-oldrel-macos-x86_64 | 0.7.2 | 210.00 | NOTE | |||
r-oldrel-windows-x86_64 | 0.7.2 | 81.00 | 391.00 | 472.00 | OK |
Version: 0.7.2
Check: Rd cross-references
Result: NOTE
Undeclared package ‘lexicon’ in Rd xrefs
Flavor: r-devel-linux-x86_64-fedora-clang
Version: 0.7.2
Check: data for non-ASCII characters
Result: NOTE
Note: found 3128 marked UTF-8 strings
Flavors: r-devel-linux-x86_64-fedora-clang, r-devel-linux-x86_64-fedora-gcc
Version: 0.7.2
Check: installed package size
Result: NOTE
installed size is 6.6Mb
sub-directories of 1Mb or more:
data 1.2Mb
libs 4.6Mb
Flavors: r-release-macos-arm64, r-release-macos-x86_64, r-oldrel-macos-arm64, r-oldrel-macos-x86_64