Last updated on 2023-09-29 21:54:06 CEST.
Flavor | Version | Tinstall | Tcheck | Ttotal | Status | Flags |
---|---|---|---|---|---|---|
r-devel-linux-x86_64-debian-clang | 1.2.1 | 6.59 | 40.60 | 47.19 | NOTE | |
r-devel-linux-x86_64-debian-gcc | 1.2.1 | 5.03 | 31.54 | 36.57 | NOTE | |
r-devel-linux-x86_64-fedora-clang | 1.2.1 | 58.33 | NOTE | |||
r-devel-linux-x86_64-fedora-gcc | 1.2.1 | 59.75 | NOTE | |||
r-devel-windows-x86_64 | 1.2.1 | 8.00 | 59.00 | 67.00 | NOTE | |
r-patched-linux-x86_64 | 1.2.1 | 6.66 | 39.52 | 46.18 | OK | |
r-release-linux-x86_64 | 1.2.1 | 6.37 | 38.49 | 44.86 | OK | |
r-release-macos-arm64 | 1.2.1 | 21.00 | OK | |||
r-release-macos-x86_64 | 1.2.1 | 32.00 | OK | |||
r-release-windows-x86_64 | 1.2.1 | 7.00 | 60.00 | 67.00 | OK | |
r-oldrel-macos-arm64 | 1.2.1 | 22.00 | OK | |||
r-oldrel-macos-x86_64 | 1.2.1 | 30.00 | OK | |||
r-oldrel-windows-x86_64 | 1.2.1 | 9.00 | 61.00 | 70.00 | OK |
Version: 1.2.1
Check: Rd contents
Result: NOTE
Auto-generated content requiring editing in Rd object 'seqCBS-package':
\details: ‘...the package, including the most important ~~ ~~ functions ~~’
Flavors: r-devel-linux-x86_64-debian-clang, r-devel-linux-x86_64-debian-gcc, r-devel-linux-x86_64-fedora-clang, r-devel-linux-x86_64-fedora-gcc, r-devel-windows-x86_64