CRAN Package Check Results for Package seqHMM

Last updated on 2021-08-02 22:54:49 CEST.

Flavor Version Tinstall Tcheck Ttotal Status Flags
r-devel-linux-x86_64-debian-clang 1.1.0 504.54 654.35 1158.89 OK
r-devel-linux-x86_64-debian-gcc 1.1.0 320.59 328.40 648.99 OK
r-devel-linux-x86_64-fedora-clang 1.1.0 1354.54 NOTE
r-devel-linux-x86_64-fedora-gcc 1.1.0 1134.11 OK
r-devel-windows-x86_64 1.1.0 503.00 482.00 985.00 NOTE
r-devel-windows-x86_64-gcc10-UCRT 1.1.0 OK
r-patched-linux-x86_64 1.1.0 OK
r-patched-solaris-x86 1.1.0 1092.40 NOTE
r-release-linux-x86_64 1.1.0 369.32 423.70 793.02 OK
r-release-macos-arm64 1.1.0 NOTE
r-release-macos-x86_64 1.1.0 NOTE
r-release-windows-ix86+x86_64 1.1.0 1072.00 538.00 1610.00 NOTE
r-oldrel-macos-x86_64 1.1.0 NOTE
r-oldrel-windows-ix86+x86_64 1.1.0 883.00 554.00 1437.00 NOTE

Check Details

Version: 1.1.0
Check: installed package size
Result: NOTE
     installed size is 18.7Mb
     sub-directories of 1Mb or more:
     doc 4.0Mb
     libs 13.8Mb
Flavors: r-devel-linux-x86_64-fedora-clang, r-devel-windows-x86_64, r-patched-solaris-x86, r-release-macos-arm64, r-release-macos-x86_64, r-release-windows-ix86+x86_64, r-oldrel-macos-x86_64, r-oldrel-windows-ix86+x86_64