Last updated on 2023-03-24 22:55:23 CET.
Flavor | Version | Tinstall | Tcheck | Ttotal | Status | Flags |
---|---|---|---|---|---|---|
r-devel-linux-x86_64-debian-clang | 1.2.3 | 4.17 | 189.55 | 193.72 | OK | |
r-devel-linux-x86_64-debian-gcc | 1.2.3 | 3.24 | 141.22 | 144.46 | OK | |
r-devel-linux-x86_64-fedora-clang | 1.2.3 | 252.69 | OK | |||
r-devel-linux-x86_64-fedora-gcc | 1.2.3 | 255.61 | OK | |||
r-patched-linux-x86_64 | 1.2.3 | 4.51 | 184.55 | 189.06 | OK | |
r-release-linux-x86_64 | 1.2.3 | 3.43 | 184.21 | 187.64 | OK | |
r-release-macos-arm64 | 1.2.3 | 69.00 | OK | |||
r-release-macos-x86_64 | 1.2.3 | 73.00 | NOTE | |||
r-release-windows-x86_64 | 1.2.3 | 33.00 | 218.00 | 251.00 | OK | |
r-oldrel-macos-arm64 | 1.2.3 | 62.00 | OK | |||
r-oldrel-macos-x86_64 | 1.2.3 | 61.00 | NOTE | |||
r-oldrel-windows-ix86+x86_64 | 1.2.3 | 10.00 | 247.00 | 257.00 | OK |
Version: 1.2.3
Check: package dependencies
Result: NOTE
Package suggested but not available for checking: ‘airway’
Flavors: r-release-macos-x86_64, r-oldrel-macos-x86_64