CRAN Package Check Results for Package seqinr

Last updated on 2021-06-15 01:50:38 CEST.

Flavor Version Tinstall Tcheck Ttotal Status Flags
r-devel-linux-x86_64-debian-clang 4.2-8 15.33 124.42 139.75 OK
r-devel-linux-x86_64-debian-gcc 4.2-8 13.14 95.79 108.93 OK
r-devel-linux-x86_64-fedora-clang 4.2-8 176.94 NOTE
r-devel-linux-x86_64-fedora-gcc 4.2-8 167.26 OK
r-devel-windows-x86_64 4.2-8 25.00 179.00 204.00 NOTE
r-devel-windows-x86_64-gcc10-UCRT 4.2-8 OK
r-patched-linux-x86_64 4.2-8 17.95 122.00 139.95 OK
r-patched-solaris-x86 4.2-8 228.40 NOTE
r-release-linux-x86_64 4.2-8 15.06 121.33 136.39 OK
r-release-macos-arm64 4.2-5 NOTE
r-release-macos-x86_64 4.2-8 NOTE
r-release-windows-ix86+x86_64 4.2-8 31.00 194.00 225.00 NOTE
r-oldrel-macos-x86_64 4.2-8 NOTE
r-oldrel-windows-ix86+x86_64 4.2-8 32.00 214.00 246.00 NOTE

Check Details

Version: 4.2-8
Check: installed package size
Result: NOTE
     installed size is 5.5Mb
     sub-directories of 1Mb or more:
     data 1.4Mb
     sequences 1.9Mb
Flavors: r-devel-linux-x86_64-fedora-clang, r-devel-windows-x86_64, r-patched-solaris-x86, r-release-macos-x86_64, r-release-windows-ix86+x86_64, r-oldrel-macos-x86_64, r-oldrel-windows-ix86+x86_64

Version: 4.2-5
Check: installed package size
Result: NOTE
     installed size is 5.5Mb
     sub-directories of 1Mb or more:
     data 1.4Mb
     sequences 1.9Mb
Flavor: r-release-macos-arm64