CRAN Package Check Results for Package seqmagick

Last updated on 2021-12-04 22:59:47 CET.

Flavor Version Tinstall Tcheck Ttotal Status Flags
r-devel-linux-x86_64-debian-clang 0.1.5 13.97 142.87 156.84 OK
r-devel-linux-x86_64-debian-gcc 0.1.5 12.39 109.07 121.46 OK
r-devel-linux-x86_64-fedora-clang 0.1.5 196.32 OK
r-devel-linux-x86_64-fedora-gcc 0.1.5 177.72 OK
r-devel-windows-x86_64-new-UL 0.1.5 27.00 175.00 202.00 OK
r-devel-windows-x86_64-new-TK 0.1.5 OK
r-devel-windows-x86_64-old 0.1.5 22.00 122.00 144.00 OK
r-patched-linux-x86_64 0.1.5 11.36 127.35 138.71 OK
r-release-linux-x86_64 0.1.5 16.52 129.83 146.35 OK
r-release-macos-arm64 0.1.5 NOTE
r-release-macos-x86_64 0.1.5 NOTE
r-release-windows-ix86+x86_64 0.1.5 33.00 162.00 195.00 OK
r-oldrel-macos-x86_64 0.1.5 NOTE
r-oldrel-windows-ix86+x86_64 0.1.5 29.00 148.00 177.00 OK

Check Details

Version: 0.1.5
Check: package dependencies
Result: NOTE
    Packages suggested but not available for checking:
     'GenomicAlignments', 'GenomicRanges', 'muscle', 'Rsamtools'
Flavor: r-release-macos-arm64

Version: 0.1.5
Check: package dependencies
Result: NOTE
    Package suggested but not available for checking: ‘muscle’
Flavors: r-release-macos-x86_64, r-oldrel-macos-x86_64