Last updated on 2024-04-17 23:00:10 CEST.
Flavor | Version | Tinstall | Tcheck | Ttotal | Status | Flags |
---|---|---|---|---|---|---|
r-devel-linux-x86_64-debian-clang | 9.4 | 119.04 | 40.86 | 159.90 | NOTE | |
r-devel-linux-x86_64-debian-gcc | 9.4 | 104.27 | 30.77 | 135.04 | NOTE | |
r-devel-linux-x86_64-fedora-clang | 9.4 | 258.89 | NOTE | |||
r-devel-linux-x86_64-fedora-gcc | 9.4 | 248.40 | NOTE | |||
r-prerel-macos-arm64 | 9.4 | 85.00 | NOTE | |||
r-prerel-macos-x86_64 | 9.4 | 116.00 | WARN | |||
r-prerel-windows-x86_64 | 9.4 | 237.00 | 104.00 | 341.00 | NOTE | |
r-patched-linux-x86_64 | 9.4 | 128.01 | 38.57 | 166.58 | NOTE | |
r-release-linux-x86_64 | 9.4 | 131.66 | 39.53 | 171.19 | NOTE | |
r-release-macos-arm64 | 9.4 | 90.00 | NOTE | |||
r-release-macos-x86_64 | 9.4 | 129.00 | NOTE | |||
r-release-windows-x86_64 | 9.4 | 224.00 | 114.00 | 338.00 | NOTE | |
r-oldrel-macos-arm64 | 9.4 | 95.00 | NOTE | |||
r-oldrel-windows-x86_64 | 9.4 | 282.00 | 103.00 | 385.00 | NOTE |
Version: 9.4
Check: for GNU extensions in Makefiles
Result: NOTE
GNU make is a SystemRequirements.
Flavors: r-devel-linux-x86_64-debian-clang, r-devel-linux-x86_64-debian-gcc, r-devel-linux-x86_64-fedora-clang, r-devel-linux-x86_64-fedora-gcc, r-prerel-macos-arm64, r-prerel-macos-x86_64, r-prerel-windows-x86_64, r-patched-linux-x86_64, r-release-linux-x86_64, r-release-macos-arm64, r-release-macos-x86_64, r-release-windows-x86_64, r-oldrel-macos-arm64, r-oldrel-windows-x86_64
Version: 9.4
Check: installed package size
Result: NOTE
installed size is 19.3Mb
sub-directories of 1Mb or more:
libs 17.8Mb
Flavors: r-prerel-macos-arm64, r-prerel-macos-x86_64, r-release-macos-arm64, r-release-macos-x86_64, r-oldrel-macos-arm64
Version: 9.4
Check: whether package can be installed
Result: WARN
Found the following significant warnings:
SingleChromosomeVCFIndex.cpp:109:51: warning: format specifies type 'long' but the argument has type 'int64_t' (aka 'long long') [-Wformat]
See ‘/Volumes/Builds/packages/big-sur-x86_64/results/4.4/seqminer.Rcheck/00install.out’ for details.
* used C compiler: ‘Apple clang version 14.0.3 (clang-1403.0.22.14.1)’
* used C++ compiler: ‘Apple clang version 14.0.3 (clang-1403.0.22.14.1)’
* used SDK: ‘MacOSX11.3.sdk’
Flavor: r-prerel-macos-x86_64