CRAN Package Check Results for Package sequences

Last updated on 2021-08-03 22:53:41 CEST.

Flavor Version Tinstall Tcheck Ttotal Status Flags
r-devel-linux-x86_64-debian-clang 0.5.9 14.03 38.75 52.78 OK
r-devel-linux-x86_64-debian-gcc 0.5.9 9.69 30.62 40.31 OK
r-devel-linux-x86_64-fedora-clang 0.5.9 75.83 NOTE
r-devel-linux-x86_64-fedora-gcc 0.5.9 63.65 NOTE
r-devel-windows-x86_64 0.5.9 15.00 74.00 89.00 OK
r-devel-windows-x86_64-gcc10-UCRT 0.5.9 OK
r-patched-linux-x86_64 0.5.9 10.95 37.32 48.27 OK
r-patched-solaris-x86 0.5.9 90.30 OK
r-release-linux-x86_64 0.5.9 11.75 37.55 49.30 OK
r-release-macos-arm64 0.5.9 OK
r-release-macos-x86_64 0.5.9 OK
r-release-windows-ix86+x86_64 0.5.9 40.00 88.00 128.00 OK
r-oldrel-macos-x86_64 0.5.9 OK
r-oldrel-windows-ix86+x86_64 0.5.9 24.00 86.00 110.00 OK

Check Details

Version: 0.5.9
Check: compiled code
Result: NOTE
    File ‘sequences/libs/sequences.so’:
     Found no calls to: ‘R_registerRoutines’, ‘R_useDynamicSymbols’
    
    It is good practice to register native routines and to disable symbol
    search.
    
    See ‘Writing portable packages’ in the ‘Writing R Extensions’ manual.
Flavors: r-devel-linux-x86_64-fedora-clang, r-devel-linux-x86_64-fedora-gcc