CRAN Package Check Results for Package sequenza

Last updated on 2021-08-04 22:55:33 CEST.

Flavor Version Tinstall Tcheck Ttotal Status Flags
r-devel-linux-x86_64-debian-clang 3.0.0 17.18 244.43 261.61 OK
r-devel-linux-x86_64-debian-gcc 3.0.0 15.66 179.44 195.10 OK
r-devel-linux-x86_64-fedora-clang 3.0.0 310.07 OK
r-devel-linux-x86_64-fedora-gcc 3.0.0 303.24 OK
r-devel-windows-x86_64 3.0.0 24.00 281.00 305.00 OK
r-devel-windows-x86_64-gcc10-UCRT 3.0.0 OK
r-patched-linux-x86_64 3.0.0 22.23 231.62 253.85 OK
r-patched-solaris-x86 3.0.0 493.00 NOTE
r-release-linux-x86_64 3.0.0 17.28 231.02 248.30 OK
r-release-macos-arm64 3.0.0 ERROR
r-release-macos-x86_64 3.0.0 ERROR
r-release-windows-ix86+x86_64 3.0.0 38.00 278.00 316.00 OK
r-oldrel-macos-x86_64 3.0.0 ERROR
r-oldrel-windows-ix86+x86_64 3.0.0 29.00 279.00 308.00 OK

Check Details

Version: 3.0.0
Check: installed package size
Result: NOTE
     installed size is 5.2Mb
     sub-directories of 1Mb or more:
     doc 3.0Mb
     extdata 1.3Mb
Flavor: r-patched-solaris-x86

Version: 3.0.0
Check: package dependencies
Result: ERROR
    Package required but not available: ‘copynumber’
    
    See section ‘The DESCRIPTION file’ in the ‘Writing R Extensions’
    manual.
Flavors: r-release-macos-arm64, r-release-macos-x86_64, r-oldrel-macos-x86_64