CRAN Package Check Results for Package serrsBayes

Last updated on 2019-11-18 22:47:24 CET.

Flavor Version Tinstall Tcheck Ttotal Status Flags
r-devel-linux-x86_64-debian-clang 0.4-0 69.80 457.45 527.25 OK
r-devel-linux-x86_64-debian-gcc 0.4-0 58.97 359.59 418.56 OK
r-devel-linux-x86_64-fedora-clang 0.4-0 659.65 NOTE
r-devel-linux-x86_64-fedora-gcc 0.4-0 695.94 OK
r-devel-windows-ix86+x86_64 0.4-0 157.00 398.00 555.00 OK
r-patched-linux-x86_64 0.4-0 62.48 439.02 501.50 OK
r-patched-solaris-x86 0.4-0 1058.60 OK
r-release-linux-x86_64 0.4-0 63.74 451.79 515.53 OK
r-release-windows-ix86+x86_64 0.4-0 120.00 448.00 568.00 OK
r-release-osx-x86_64 0.4-0 NOTE
r-oldrel-windows-ix86+x86_64 0.4-0 115.00 441.00 556.00 OK
r-oldrel-osx-x86_64 0.4-0 NOTE

Check Details

Version: 0.4-0
Check: installed package size
Result: NOTE
     installed size is 16.2Mb
     sub-directories of 1Mb or more:
     libs 14.7Mb
Flavors: r-devel-linux-x86_64-fedora-clang, r-release-osx-x86_64, r-oldrel-osx-x86_64