CRAN Package Check Results for Package serrsBayes

Last updated on 2021-08-02 22:54:49 CEST.

Flavor Version Tinstall Tcheck Ttotal Status Flags
r-devel-linux-x86_64-debian-clang 0.5-0 78.41 551.42 629.83 OK
r-devel-linux-x86_64-debian-gcc 0.5-0 58.14 431.83 489.97 OK
r-devel-linux-x86_64-fedora-clang 0.5-0 798.84 NOTE
r-devel-linux-x86_64-fedora-gcc 0.5-0 787.70 OK
r-devel-windows-x86_64 0.5-0 64.00 517.00 581.00 OK
r-devel-windows-x86_64-gcc10-UCRT 0.5-0 OK
r-patched-linux-x86_64 0.5-0 OK
r-patched-solaris-x86 0.5-0 1309.10 OK
r-release-linux-x86_64 0.5-0 71.36 540.46 611.82 OK
r-release-macos-arm64 0.5-0 NOTE
r-release-macos-x86_64 0.5-0 NOTE
r-release-windows-ix86+x86_64 0.5-0 160.00 476.00 636.00 OK
r-oldrel-macos-x86_64 0.5-0 NOTE
r-oldrel-windows-ix86+x86_64 0.5-0 123.00 511.00 634.00 OK

Check Details

Version: 0.5-0
Check: installed package size
Result: NOTE
     installed size is 15.8Mb
     sub-directories of 1Mb or more:
     libs 14.5Mb
Flavors: r-devel-linux-x86_64-fedora-clang, r-release-macos-arm64, r-release-macos-x86_64, r-oldrel-macos-x86_64