CRAN Package Check Results for Package serrsBayes

Last updated on 2019-07-21 22:50:05 CEST.

Flavor Version Tinstall Tcheck Ttotal Status Flags
r-devel-linux-x86_64-debian-clang 0.4-0 64.60 479.27 543.87 OK
r-devel-linux-x86_64-debian-gcc 0.4-0 57.55 368.83 426.38 OK
r-devel-linux-x86_64-fedora-clang 0.4-0 685.38 NOTE
r-devel-linux-x86_64-fedora-gcc 0.4-0 652.51 OK
r-devel-windows-ix86+x86_64 0.4-0 105.00 480.00 585.00 OK
r-patched-linux-x86_64 0.4-0 66.88 456.63 523.51 OK
r-patched-solaris-x86 0.4-0 1081.50 OK
r-release-linux-x86_64 0.4-0 64.46 455.83 520.29 OK
r-release-windows-ix86+x86_64 0.4-0 103.00 381.00 484.00 OK
r-release-osx-x86_64 0.4-0 NOTE
r-oldrel-windows-ix86+x86_64 0.4-0 138.00 440.00 578.00 OK
r-oldrel-osx-x86_64 0.4-0 NOTE

Check Details

Version: 0.4-0
Check: installed package size
Result: NOTE
     installed size is 15.8Mb
     sub-directories of 1Mb or more:
     libs 14.4Mb
Flavors: r-devel-linux-x86_64-fedora-clang, r-release-osx-x86_64, r-oldrel-osx-x86_64