CRAN Package Check Results for Package setter

Last updated on 2023-10-02 22:08:11 CEST.

Flavor Version Tinstall Tcheck Ttotal Status Flags
r-devel-linux-x86_64-debian-clang 0.0-1 2.24 24.07 26.31 NOTE
r-devel-linux-x86_64-debian-gcc 0.0-1 1.73 19.14 20.87 NOTE
r-devel-linux-x86_64-fedora-clang 0.0-1 32.57 NOTE
r-devel-linux-x86_64-fedora-gcc 0.0-1 31.70 NOTE
r-devel-windows-x86_64 0.0-1 2.00 40.00 42.00 NOTE
r-patched-linux-x86_64 0.0-1 1.68 24.19 25.87 NOTE
r-release-linux-x86_64 0.0-1 1.84 24.00 25.84 NOTE
r-release-macos-arm64 0.0-1 17.00 NOTE
r-release-macos-x86_64 0.0-1 21.00 NOTE
r-release-windows-x86_64 0.0-1 2.00 42.00 44.00 NOTE
r-oldrel-macos-arm64 0.0-1 17.00 NOTE
r-oldrel-macos-x86_64 0.0-1 20.00 NOTE
r-oldrel-windows-x86_64 0.0-1 3.00 44.00 47.00 NOTE

Check Details

Version: 0.0-1
Check: LazyData
Result: NOTE
     'LazyData' is specified without a 'data' directory
Flavors: r-devel-linux-x86_64-debian-clang, r-devel-linux-x86_64-debian-gcc, r-devel-linux-x86_64-fedora-clang, r-devel-linux-x86_64-fedora-gcc, r-devel-windows-x86_64, r-patched-linux-x86_64, r-release-linux-x86_64, r-release-macos-arm64, r-release-macos-x86_64, r-release-windows-x86_64, r-oldrel-macos-arm64, r-oldrel-macos-x86_64, r-oldrel-windows-x86_64