Last updated on 2024-04-18 22:53:00 CEST.
Flavor | Version | Tinstall | Tcheck | Ttotal | Status | Flags |
---|---|---|---|---|---|---|
r-devel-linux-x86_64-debian-clang | 0.9 | 2.48 | 30.49 | 32.97 | NOTE | |
r-devel-linux-x86_64-debian-gcc | 0.9 | 1.88 | 23.22 | 25.10 | NOTE | |
r-devel-linux-x86_64-fedora-clang | 0.9 | 42.57 | NOTE | |||
r-devel-linux-x86_64-fedora-gcc | 0.9 | 53.11 | NOTE | |||
r-prerel-macos-arm64 | 0.9 | 32.00 | NOTE | |||
r-prerel-windows-x86_64 | 0.9 | 4.00 | 48.00 | 52.00 | NOTE | |
r-patched-linux-x86_64 | 0.9 | 2.17 | 28.01 | 30.18 | NOTE | |
r-release-linux-x86_64 | 0.9 | 2.35 | 27.08 | 29.43 | NOTE | |
r-release-macos-arm64 | 0.9 | 31.00 | NOTE | |||
r-release-macos-x86_64 | 0.9 | 40.00 | NOTE | |||
r-release-windows-x86_64 | 0.9 | 5.00 | 61.00 | 66.00 | NOTE | |
r-oldrel-macos-arm64 | 0.9 | 23.00 | NOTE | |||
r-oldrel-windows-x86_64 | 0.9 | 4.00 | 54.00 | 58.00 | NOTE |
Version: 0.9
Check: LazyData
Result: NOTE
'LazyData' is specified without a 'data' directory
Flavors: r-devel-linux-x86_64-debian-clang, r-devel-linux-x86_64-debian-gcc, r-devel-linux-x86_64-fedora-clang, r-devel-linux-x86_64-fedora-gcc, r-prerel-macos-arm64, r-prerel-windows-x86_64, r-patched-linux-x86_64, r-release-linux-x86_64, r-release-macos-arm64, r-release-macos-x86_64, r-release-windows-x86_64, r-oldrel-macos-arm64, r-oldrel-windows-x86_64
Version: 0.9
Check: dependencies in R code
Result: NOTE
Namespace in Imports field not imported from: ‘plyr’
All declared Imports should be used.
Flavors: r-devel-linux-x86_64-fedora-clang, r-devel-linux-x86_64-fedora-gcc, r-oldrel-macos-arm64