CRAN Package Check Results for Package sgd

Last updated on 2021-08-01 22:50:03 CEST.

Flavor Version Tinstall Tcheck Ttotal Status Flags
r-devel-linux-x86_64-debian-clang 1.1.1 47.51 40.54 88.05 OK
r-devel-linux-x86_64-debian-gcc 1.1.1 35.48 30.48 65.96 OK
r-devel-linux-x86_64-fedora-clang 1.1.1 125.23 OK
r-devel-linux-x86_64-fedora-gcc 1.1.1 112.96 OK
r-devel-windows-x86_64 1.1.1 47.00 74.00 121.00 OK
r-devel-windows-x86_64-gcc10-UCRT 1.1.1 OK
r-patched-linux-x86_64 1.1.1 OK
r-patched-solaris-x86 1.1.1 118.00 OK
r-release-linux-x86_64 1.1.1 37.97 38.24 76.21 OK
r-release-macos-arm64 1.1.1 NOTE
r-release-macos-x86_64 1.1.1 OK
r-release-windows-ix86+x86_64 1.1.1 110.00 64.00 174.00 OK
r-oldrel-macos-x86_64 1.1.1 OK
r-oldrel-windows-ix86+x86_64 1.1.1 90.00 93.00 183.00 OK

Check Details

Version: 1.1.1
Check: installed package size
Result: NOTE
     installed size is 5.7Mb
     sub-directories of 1Mb or more:
     libs 4.9Mb
Flavor: r-release-macos-arm64