CRAN Package Check Results for Package sgee

Last updated on 2024-02-26 23:03:52 CET.

Flavor Version Tinstall Tcheck Ttotal Status Flags
r-devel-linux-x86_64-debian-clang 0.6-0 3.69 63.69 67.38 NOTE
r-devel-linux-x86_64-debian-gcc 0.6-0 4.15 45.24 49.39 NOTE
r-devel-linux-x86_64-fedora-clang 0.6-0 80.54 NOTE
r-devel-linux-x86_64-fedora-gcc 0.6-0 81.43 OK
r-devel-windows-x86_64 0.6-0 5.00 68.00 73.00 OK
r-patched-linux-x86_64 0.6-0 6.31 63.92 70.23 OK
r-release-linux-x86_64 0.6-0 5.61 62.53 68.14 OK
r-release-macos-arm64 0.6-0 28.00 OK
r-release-macos-x86_64 0.6-0 43.00 OK
r-release-windows-x86_64 0.6-0 6.00 77.00 83.00 OK
r-oldrel-macos-arm64 0.6-0 27.00 OK
r-oldrel-windows-x86_64 0.6-0 6.00 77.00 83.00 OK

Check Details

Version: 0.6-0
Check: Rd files
Result: NOTE checkRd: (-1) bisee.Rd:127: Lost braces 127 | values including \code{x}, \code{y}, code{family}, \code{clusterID}, | ^ checkRd: (-1) hisee.Rd:101: Lost braces 101 | values including \code{x}, \code{y}, code{family}, \code{clusterID}, | ^ checkRd: (-1) isee.Rd:116: Lost braces 116 | values including \code{x}, \code{y}, code{family}, \code{clusterID}, | ^ checkRd: (-1) see.Rd:98: Lost braces 98 | values including \code{x}, \code{y}, code{family}, \code{clusterID}, | ^ Flavors: r-devel-linux-x86_64-debian-clang, r-devel-linux-x86_64-debian-gcc, r-devel-linux-x86_64-fedora-clang