CRAN Package Check Results for Package shadow

Last updated on 2019-09-14 22:48:38 CEST.

Flavor Version Tinstall Tcheck Ttotal Status Flags
r-devel-linux-x86_64-debian-clang 0.6.2 7.77 113.99 121.76 OK
r-devel-linux-x86_64-debian-gcc 0.6.2 7.87 89.34 97.21 OK
r-devel-linux-x86_64-fedora-clang 0.6.2 154.55 NOTE
r-devel-linux-x86_64-fedora-gcc 0.6.2 143.09 NOTE
r-devel-windows-ix86+x86_64 0.6.2 29.00 155.00 184.00 OK
r-patched-linux-x86_64 0.6.2 8.31 112.32 120.63 OK
r-patched-solaris-x86 0.6.2 202.30 NOTE
r-release-linux-x86_64 0.6.2 8.38 112.01 120.39 OK
r-release-windows-ix86+x86_64 0.6.2 19.00 162.00 181.00 OK
r-release-osx-x86_64 0.6.2 NOTE
r-oldrel-windows-ix86+x86_64 0.6.2 16.00 123.00 139.00 OK
r-oldrel-osx-x86_64 0.6.2 NOTE

Check Details

Version: 0.6.2
Check: dependencies in R code
Result: NOTE
    Namespaces in Imports field not imported from:
     ‘parallel’ ‘plyr’
     All declared Imports should be used.
Flavors: r-devel-linux-x86_64-fedora-clang, r-devel-linux-x86_64-fedora-gcc, r-patched-solaris-x86, r-release-osx-x86_64, r-oldrel-osx-x86_64