CRAN Package Check Results for Package shapefiles

Last updated on 2021-10-21 22:50:50 CEST.

Flavor Version Tinstall Tcheck Ttotal Status Flags
r-devel-linux-x86_64-debian-clang 0.7 3.14 22.07 25.21 NOTE
r-devel-linux-x86_64-debian-gcc 0.7 2.32 17.63 19.95 NOTE
r-devel-linux-x86_64-fedora-clang 0.7 41.25 NOTE
r-devel-linux-x86_64-fedora-gcc 0.7 31.02 NOTE
r-devel-windows-x86_64 0.7 4.00 34.00 38.00 NOTE
r-devel-windows-x86_64-gcc10-UCRT 0.7 NOTE
r-patched-linux-x86_64 0.7 3.30 21.66 24.96 NOTE
r-patched-solaris-x86 0.7 46.30 NOTE
r-release-linux-x86_64 0.7 3.07 21.61 24.68 NOTE
r-release-macos-arm64 0.7 NOTE
r-release-macos-x86_64 0.7 NOTE
r-release-windows-ix86+x86_64 0.7 6.00 32.00 38.00 NOTE
r-oldrel-macos-x86_64 0.7 NOTE
r-oldrel-windows-ix86+x86_64 0.7 32.00 37.00 69.00 NOTE

Check Details

Version: 0.7
Check: DESCRIPTION meta-information
Result: NOTE
    Malformed Description field: should contain one or more complete sentences.
Flavors: r-devel-linux-x86_64-debian-clang, r-devel-linux-x86_64-debian-gcc, r-devel-linux-x86_64-fedora-clang, r-devel-linux-x86_64-fedora-gcc, r-devel-windows-x86_64, r-devel-windows-x86_64-gcc10-UCRT, r-patched-linux-x86_64, r-patched-solaris-x86, r-release-linux-x86_64, r-release-macos-arm64, r-release-macos-x86_64, r-release-windows-ix86+x86_64, r-oldrel-macos-x86_64, r-oldrel-windows-ix86+x86_64

Version: 0.7
Check: dependencies in R code
Result: NOTE
    'library' or 'require' call to 'foreign' which was already attached by Depends.
     Please remove these calls from your code.
Flavors: r-devel-linux-x86_64-debian-clang, r-devel-linux-x86_64-debian-gcc, r-devel-linux-x86_64-fedora-clang, r-devel-linux-x86_64-fedora-gcc, r-devel-windows-x86_64, r-devel-windows-x86_64-gcc10-UCRT, r-patched-linux-x86_64, r-patched-solaris-x86, r-release-linux-x86_64, r-release-macos-arm64, r-release-macos-x86_64, r-release-windows-ix86+x86_64, r-oldrel-macos-x86_64, r-oldrel-windows-ix86+x86_64