CRAN Package Check Results for Package shapefiles

Last updated on 2018-12-09 22:58:43 CET.

Flavor Version Tinstall Tcheck Ttotal Status Flags
r-devel-linux-x86_64-debian-clang 0.7 1.53 19.27 20.80 NOTE
r-devel-linux-x86_64-debian-gcc 0.7 1.34 15.59 16.93 NOTE
r-devel-linux-x86_64-fedora-clang 0.7 24.48 NOTE
r-devel-linux-x86_64-fedora-gcc 0.7 25.45 NOTE
r-devel-windows-ix86+x86_64 0.7 4.00 44.00 48.00 NOTE
r-patched-linux-x86_64 0.7 1.09 18.35 19.44 NOTE
r-patched-solaris-x86 0.7 36.80 NOTE
r-release-linux-x86_64 0.7 1.20 17.98 19.18 NOTE
r-release-windows-ix86+x86_64 0.7 4.00 27.00 31.00 NOTE
r-release-osx-x86_64 0.7 NOTE
r-oldrel-windows-ix86+x86_64 0.7 3.00 45.00 48.00 NOTE
r-oldrel-osx-x86_64 0.7 NOTE

Check Details

Version: 0.7
Check: DESCRIPTION meta-information
Result: NOTE
    Malformed Description field: should contain one or more complete sentences.
Flavors: r-devel-linux-x86_64-debian-clang, r-devel-linux-x86_64-debian-gcc, r-devel-linux-x86_64-fedora-clang, r-devel-linux-x86_64-fedora-gcc, r-devel-windows-ix86+x86_64, r-patched-linux-x86_64, r-patched-solaris-x86, r-release-linux-x86_64, r-release-windows-ix86+x86_64, r-release-osx-x86_64, r-oldrel-windows-ix86+x86_64, r-oldrel-osx-x86_64

Version: 0.7
Check: dependencies in R code
Result: NOTE
    'library' or 'require' call to ‘foreign’ which was already attached by Depends.
     Please remove these calls from your code.
Flavors: r-devel-linux-x86_64-debian-clang, r-devel-linux-x86_64-debian-gcc, r-devel-linux-x86_64-fedora-clang, r-devel-linux-x86_64-fedora-gcc, r-devel-windows-ix86+x86_64, r-patched-linux-x86_64, r-patched-solaris-x86, r-release-linux-x86_64, r-release-windows-ix86+x86_64, r-release-osx-x86_64, r-oldrel-windows-ix86+x86_64, r-oldrel-osx-x86_64