CRAN Package Check Results for Package shapefiles

Last updated on 2019-03-20 22:48:11 CET.

Flavor Version Tinstall Tcheck Ttotal Status Flags
r-devel-linux-x86_64-debian-clang 0.7 2.04 19.20 21.24 NOTE
r-devel-linux-x86_64-debian-gcc 0.7 2.00 15.62 17.62 NOTE
r-devel-linux-x86_64-fedora-clang 0.7 26.27 NOTE
r-devel-linux-x86_64-fedora-gcc 0.7 24.82 NOTE
r-devel-windows-ix86+x86_64 0.7 7.00 40.00 47.00 NOTE
r-patched-linux-x86_64 0.7 1.34 18.04 19.38 NOTE
r-patched-solaris-x86 0.7 36.10 NOTE
r-release-linux-x86_64 0.7 1.73 17.96 19.69 NOTE
r-release-windows-ix86+x86_64 0.7 3.00 30.00 33.00 NOTE
r-release-osx-x86_64 0.7 NOTE
r-oldrel-windows-ix86+x86_64 0.7 3.00 45.00 48.00 NOTE
r-oldrel-osx-x86_64 0.7 NOTE

Check Details

Version: 0.7
Check: DESCRIPTION meta-information
Result: NOTE
    Malformed Description field: should contain one or more complete sentences.
Flavors: r-devel-linux-x86_64-debian-clang, r-devel-linux-x86_64-debian-gcc, r-devel-linux-x86_64-fedora-clang, r-devel-linux-x86_64-fedora-gcc, r-devel-windows-ix86+x86_64, r-patched-linux-x86_64, r-patched-solaris-x86, r-release-linux-x86_64, r-release-windows-ix86+x86_64, r-release-osx-x86_64, r-oldrel-windows-ix86+x86_64, r-oldrel-osx-x86_64

Version: 0.7
Check: dependencies in R code
Result: NOTE
    'library' or 'require' call to 'foreign' which was already attached by Depends.
     Please remove these calls from your code.
Flavors: r-devel-linux-x86_64-debian-clang, r-devel-linux-x86_64-debian-gcc, r-devel-linux-x86_64-fedora-clang, r-devel-linux-x86_64-fedora-gcc, r-devel-windows-ix86+x86_64, r-patched-linux-x86_64, r-patched-solaris-x86, r-release-linux-x86_64, r-release-windows-ix86+x86_64, r-release-osx-x86_64, r-oldrel-windows-ix86+x86_64, r-oldrel-osx-x86_64