Last updated on 2023-09-25 22:12:51 CEST.
Flavor | Version | Tinstall | Tcheck | Ttotal | Status | Flags |
---|---|---|---|---|---|---|
r-devel-linux-x86_64-debian-clang | 0.1.3 | 9.88 | 108.99 | 118.87 | NOTE | |
r-devel-linux-x86_64-debian-gcc | 0.1.3 | 8.87 | 81.48 | 90.35 | NOTE | |
r-devel-linux-x86_64-fedora-clang | 0.1.3 | 140.97 | NOTE | |||
r-devel-linux-x86_64-fedora-gcc | 0.1.3 | 185.18 | NOTE | |||
r-devel-windows-x86_64 | 0.1.3 | 11.00 | 141.00 | 152.00 | NOTE | |
r-patched-linux-x86_64 | 0.1.3 | 7.27 | 101.66 | 108.93 | NOTE | |
r-release-linux-x86_64 | 0.1.3 | 6.90 | 101.55 | 108.45 | NOTE | |
r-release-macos-arm64 | 0.1.3 | 51.00 | NOTE | |||
r-release-macos-x86_64 | 0.1.3 | 85.00 | NOTE | |||
r-release-windows-x86_64 | 0.1.3 | 13.00 | 135.00 | 148.00 | NOTE | |
r-oldrel-macos-arm64 | 0.1.3 | 43.00 | NOTE | |||
r-oldrel-macos-x86_64 | 0.1.3 | 72.00 | NOTE | |||
r-oldrel-windows-x86_64 | 0.1.3 | 12.00 | 136.00 | 148.00 | NOTE |
Version: 0.1.3
Check: LazyData
Result: NOTE
'LazyData' is specified without a 'data' directory
Flavors: r-devel-linux-x86_64-debian-clang, r-devel-linux-x86_64-debian-gcc, r-devel-linux-x86_64-fedora-clang, r-devel-linux-x86_64-fedora-gcc, r-devel-windows-x86_64, r-patched-linux-x86_64, r-release-linux-x86_64, r-release-macos-arm64, r-release-macos-x86_64, r-release-windows-x86_64, r-oldrel-macos-arm64, r-oldrel-macos-x86_64, r-oldrel-windows-x86_64