CRAN Package Check Results for Package shazam

Last updated on 2021-06-11 22:54:24 CEST.

Flavor Version Tinstall Tcheck Ttotal Status Flags
r-devel-linux-x86_64-debian-clang 1.0.2 41.17 801.18 842.35 OK
r-devel-linux-x86_64-debian-gcc 1.0.2 36.60 584.60 621.20 OK
r-devel-linux-x86_64-fedora-clang 1.0.2 680.09 OK
r-devel-linux-x86_64-fedora-gcc 1.0.2 660.92 OK
r-devel-windows-x86_64 1.0.2 68.00 964.00 1032.00 OK
r-devel-windows-x86_64-gcc10-UCRT 1.0.2 OK
r-patched-linux-x86_64 1.0.2 40.15 775.78 815.93 OK
r-patched-solaris-x86 1.0.2 1221.40 OK
r-release-linux-x86_64 1.0.2 41.02 761.21 802.23 OK
r-release-macos-arm64 1.0.2 ERROR
r-release-macos-x86_64 1.0.2 OK
r-release-windows-ix86+x86_64 1.0.2 96.00 978.00 1074.00 OK
r-oldrel-macos-x86_64 1.0.2 OK
r-oldrel-windows-ix86+x86_64 1.0.2 96.00 963.00 1059.00 OK

Check Details

Version: 1.0.2
Check: package dependencies
Result: ERROR
    Package required but not available: ‘alakazam’
    
    See section ‘The DESCRIPTION file’ in the ‘Writing R Extensions’
    manual.
Flavor: r-release-macos-arm64