CRAN Package Check Results for Package shiny.info

Last updated on 2024-05-20 23:00:45 CEST.

Flavor Version Tinstall Tcheck Ttotal Status Flags
r-devel-linux-x86_64-debian-clang 0.2.0 4.57 42.97 47.54 NOTE
r-devel-linux-x86_64-debian-gcc 0.2.0 3.34 31.90 35.24 NOTE
r-devel-linux-x86_64-fedora-clang 0.2.0 61.58 NOTE
r-devel-linux-x86_64-fedora-gcc 0.2.0 55.60 NOTE
r-devel-windows-x86_64 0.2.0 5.00 54.00 59.00 NOTE
r-patched-linux-x86_64 0.2.0 5.05 40.60 45.65 NOTE
r-release-linux-x86_64 0.2.0 5.09 40.50 45.59 NOTE
r-release-macos-arm64 0.2.0 21.00 NOTE
r-release-windows-x86_64 0.2.0 6.00 55.00 61.00 NOTE
r-oldrel-macos-arm64 0.2.0 21.00 OK
r-oldrel-macos-x86_64 0.2.0 31.00 OK
r-oldrel-windows-x86_64 0.2.0 6.00 61.00 67.00 OK

Check Details

Version: 0.2.0
Check: Rd files
Result: NOTE checkRd: (-1) display.Rd:17: Lost braces; missing escapes or markup? 17 | div which wraps your message to display it in the {position} corner of your shiny app. | ^ checkRd: (-1) info_value.Rd:15: Lost braces; missing escapes or markup? 15 | div which wraps rendered value to display it in the {position} corner of your shiny app. | ^ Flavors: r-devel-linux-x86_64-debian-clang, r-devel-linux-x86_64-debian-gcc, r-devel-linux-x86_64-fedora-clang, r-devel-linux-x86_64-fedora-gcc, r-devel-windows-x86_64, r-patched-linux-x86_64, r-release-linux-x86_64, r-release-macos-arm64, r-release-windows-x86_64