CRAN Package Check Results for Package shiny.telemetry

Last updated on 2024-06-13 22:49:44 CEST.

Flavor Version Tinstall Tcheck Ttotal Status Flags
r-devel-linux-x86_64-debian-clang 0.2.0 11.74 62.68 74.42 OK
r-devel-linux-x86_64-debian-gcc 0.2.0 0.50 1.71 2.21 ERROR
r-devel-linux-x86_64-fedora-clang 0.2.0 97.70 OK
r-devel-linux-x86_64-fedora-gcc 0.2.0 90.00 OK
r-devel-windows-x86_64 0.2.0 10.00 71.00 81.00 OK
r-patched-linux-x86_64 0.2.0 13.89 60.43 74.32 OK
r-release-linux-x86_64 0.2.0 8.10 58.32 66.42 OK
r-release-macos-arm64 0.2.0 30.00 OK
r-release-macos-x86_64 0.2.0 47.00 ERROR
r-release-windows-x86_64 0.2.0 13.00 76.00 89.00 OK
r-oldrel-macos-arm64 0.2.0 34.00 OK
r-oldrel-macos-x86_64 0.2.0 92.00 OK
r-oldrel-windows-x86_64 0.2.0 16.00 81.00 97.00 OK

Check Details

Version: 0.2.0
Check: package dependencies
Result: ERROR Packages required but not available: 'dplyr', 'httr2', 'lubridate', 'odbc', 'purrr', 'RSQLite', 'tidyr' Packages suggested but not available for checking: 'plotly', 'RMariaDB', 'semantic.dashboard', 'shiny.semantic', 'testthat' See section ‘The DESCRIPTION file’ in the ‘Writing R Extensions’ manual. Flavor: r-devel-linux-x86_64-debian-gcc

Version: 0.2.0
Check: tests
Result: ERROR Running ‘testthat.R’ [4s/5s] Running the tests in ‘tests/testthat.R’ failed. Last 13 lines of output: 3. └─testthat::expect_equal(., 2) ── Failure ('test-data_storage-sqlite.R:3:1'): SQLite Can write to database via DataStorage ── `.` (`actual`) not equal to 2 (`expected`). `actual`: 6 `expected`: 2 Backtrace: ▆ 1. ├─shiny.telemetry:::test_common_data_storage(data_storage, dashboard_name) at tests/testthat/helper-data_storage.R:18:7 2. │ └─... %>% expect_equal(2) at tests/testthat/helper-data_storage.R:154:3 3. └─testthat::expect_equal(., 2) [ FAIL 2 | WARN 0 | SKIP 16 | PASS 85 ] Error: Test failures Execution halted Flavor: r-release-macos-x86_64